CRAN Package Check Results for Package pacotest

Last updated on 2025-10-18 09:49:57 CEST.

Flavor Version Tinstall Tcheck Ttotal Status Flags
r-devel-linux-x86_64-debian-clang 0.4.3 80.87 130.69 211.56 OK
r-devel-linux-x86_64-debian-gcc 0.4.3 51.38 91.03 142.41 OK
r-devel-linux-x86_64-fedora-clang 0.4.3 396.91 OK
r-devel-linux-x86_64-fedora-gcc 0.4.3 382.86 OK
r-devel-windows-x86_64 0.4.3 91.00 186.00 277.00 OK
r-patched-linux-x86_64 0.4.2 84.91 124.37 209.28 WARN
r-release-linux-x86_64 0.4.2 82.69 125.09 207.78 WARN
r-release-macos-arm64 0.4.3 91.00 OK
r-release-macos-x86_64 0.4.3 150.00 OK
r-release-windows-x86_64 0.4.3 82.00 188.00 270.00 OK
r-oldrel-macos-arm64 0.4.3 104.00 NOTE
r-oldrel-macos-x86_64 0.4.3 148.00 NOTE
r-oldrel-windows-x86_64 0.4.3 103.00 215.00 318.00 OK

Check Details

Version: 0.4.2
Check: whether package can be installed
Result: WARN Found the following significant warnings: Grouping.cpp:343:8: warning: ‘eT arma::Mat<eT>::max(arma::uword&, arma::uword&) const [with eT = double; arma::uword = unsigned int]’ is deprecated: use .index_max() with ind2sub() instead [-Wdeprecated-declarations] Grouping.cpp:429:13: warning: ‘eT arma::Mat<eT>::max(arma::uword&, arma::uword&) const [with eT = double; arma::uword = unsigned int]’ is deprecated: use .index_max() with ind2sub() instead [-Wdeprecated-declarations] Grouping.cpp:496:13: warning: ‘eT arma::Mat<eT>::max(arma::uword&, arma::uword&) const [with eT = double; arma::uword = unsigned int]’ is deprecated: use .index_max() with ind2sub() instead [-Wdeprecated-declarations] Grouping.cpp:546:14: warning: ‘eT arma::Mat<eT>::max(arma::uword&, arma::uword&) const [with eT = double; arma::uword = unsigned int]’ is deprecated: use .index_max() with ind2sub() instead [-Wdeprecated-declarations] Grouping.cpp:584:14: warning: ‘eT arma::Mat<eT>::max(arma::uword&, arma::uword&) const [with eT = double; arma::uword = unsigned int]’ is deprecated: use .index_max() with ind2sub() instead [-Wdeprecated-declarations] pacotestFunctions.cpp:98:24: warning: ‘bool arma::is_finite(eT, const typename arma_scalar_only<eT>::result*) [with eT = double; typename arma_scalar_only<eT>::result = double]’ is deprecated: change arma::is_finite(val) to std::isfinite(val) [-Wdeprecated-declarations] pacotestFunctions.cpp:98:57: warning: ‘bool arma::is_finite(eT, const typename arma_scalar_only<eT>::result*) [with eT = double; typename arma_scalar_only<eT>::result = double]’ is deprecated: change arma::is_finite(val) to std::isfinite(val) [-Wdeprecated-declarations] pacotestFunctions.cpp:98:90: warning: ‘bool arma::is_finite(eT, const typename arma_scalar_only<eT>::result*) [with eT = double; typename arma_scalar_only<eT>::result = double]’ is deprecated: change arma::is_finite(val) to std::isfinite(val) [-Wdeprecated-declarations] See ‘/home/hornik/tmp/R.check/r-patched-gcc/Work/PKGS/pacotest.Rcheck/00install.out’ for details. * used C compiler: ‘gcc-14 (Debian 14.3.0-8) 14.3.0’ * used C++ compiler: ‘g++-14 (Debian 14.3.0-8) 14.3.0’ Flavor: r-patched-linux-x86_64

Version: 0.4.2
Check: whether package can be installed
Result: WARN Found the following significant warnings: Grouping.cpp:343:8: warning: ‘eT arma::Mat<eT>::max(arma::uword&, arma::uword&) const [with eT = double; arma::uword = unsigned int]’ is deprecated: use .index_max() with ind2sub() instead [-Wdeprecated-declarations] Grouping.cpp:429:13: warning: ‘eT arma::Mat<eT>::max(arma::uword&, arma::uword&) const [with eT = double; arma::uword = unsigned int]’ is deprecated: use .index_max() with ind2sub() instead [-Wdeprecated-declarations] Grouping.cpp:496:13: warning: ‘eT arma::Mat<eT>::max(arma::uword&, arma::uword&) const [with eT = double; arma::uword = unsigned int]’ is deprecated: use .index_max() with ind2sub() instead [-Wdeprecated-declarations] Grouping.cpp:546:14: warning: ‘eT arma::Mat<eT>::max(arma::uword&, arma::uword&) const [with eT = double; arma::uword = unsigned int]’ is deprecated: use .index_max() with ind2sub() instead [-Wdeprecated-declarations] Grouping.cpp:584:14: warning: ‘eT arma::Mat<eT>::max(arma::uword&, arma::uword&) const [with eT = double; arma::uword = unsigned int]’ is deprecated: use .index_max() with ind2sub() instead [-Wdeprecated-declarations] pacotestFunctions.cpp:98:24: warning: ‘bool arma::is_finite(eT, const typename arma_scalar_only<eT>::result*) [with eT = double; typename arma_scalar_only<eT>::result = double]’ is deprecated: change arma::is_finite(val) to std::isfinite(val) [-Wdeprecated-declarations] pacotestFunctions.cpp:98:57: warning: ‘bool arma::is_finite(eT, const typename arma_scalar_only<eT>::result*) [with eT = double; typename arma_scalar_only<eT>::result = double]’ is deprecated: change arma::is_finite(val) to std::isfinite(val) [-Wdeprecated-declarations] pacotestFunctions.cpp:98:90: warning: ‘bool arma::is_finite(eT, const typename arma_scalar_only<eT>::result*) [with eT = double; typename arma_scalar_only<eT>::result = double]’ is deprecated: change arma::is_finite(val) to std::isfinite(val) [-Wdeprecated-declarations] See ‘/home/hornik/tmp/R.check/r-release-gcc/Work/PKGS/pacotest.Rcheck/00install.out’ for details. * used C compiler: ‘gcc-14 (Debian 14.3.0-8) 14.3.0’ * used C++ compiler: ‘g++-14 (Debian 14.3.0-8) 14.3.0’ Flavor: r-release-linux-x86_64

Version: 0.4.3
Check: installed package size
Result: NOTE installed size is 5.6Mb sub-directories of 1Mb or more: libs 5.3Mb Flavors: r-oldrel-macos-arm64, r-oldrel-macos-x86_64