CRAN Package Check Results for Package osrmr

Last updated on 2025-11-26 09:51:24 CET.

Flavor Version Tinstall Tcheck Ttotal Status Flags
r-devel-linux-x86_64-debian-clang 0.1.36 1.89 27.89 29.78 NOTE
r-devel-linux-x86_64-debian-gcc 0.1.36 1.49 22.65 24.14 NOTE
r-devel-linux-x86_64-fedora-clang 0.1.36 44.24 OK
r-devel-linux-x86_64-fedora-gcc 0.1.36 55.98 OK
r-devel-windows-x86_64 0.1.36 5.00 47.00 52.00 OK
r-patched-linux-x86_64 0.1.36 2.00 25.22 27.22 OK
r-release-linux-x86_64 0.1.36 1.45 25.32 26.77 OK
r-release-macos-arm64 0.1.36 OK
r-release-macos-x86_64 0.1.36 2.00 42.00 44.00 OK
r-release-windows-x86_64 0.1.36 4.00 48.00 52.00 OK
r-oldrel-macos-arm64 0.1.36 OK
r-oldrel-macos-x86_64 0.1.36 2.00 32.00 34.00 OK
r-oldrel-windows-x86_64 0.1.36 5.00 57.00 62.00 OK

Check Details

Version: 0.1.36
Check: CRAN incoming feasibility
Result: NOTE Maintainer: ‘Adrian Staempfli <adrian.staempfli@ost.ch>’ No Authors@R field in DESCRIPTION. Please add one, modifying Authors@R: c(person(given = "Adrian", family = "Staempfli", role = c("aut", "cre"), email = "adrian.staempfli@ost.ch"), person(given = "Christoph", family = "Strauss", role = "aut")) as necessary. Flavors: r-devel-linux-x86_64-debian-clang, r-devel-linux-x86_64-debian-gcc