Last updated on 2025-11-25 11:51:57 CET.
| Flavor | Version | Tinstall | Tcheck | Ttotal | Status | Flags |
|---|---|---|---|---|---|---|
| r-devel-linux-x86_64-debian-clang | 1.7 | 4.80 | 60.14 | 64.94 | NOTE | |
| r-devel-linux-x86_64-debian-gcc | 1.7 | 3.22 | 46.94 | 50.16 | NOTE | |
| r-devel-linux-x86_64-fedora-clang | 1.7 | 96.50 | OK | |||
| r-devel-linux-x86_64-fedora-gcc | 1.7 | 106.91 | OK | |||
| r-devel-windows-x86_64 | 1.7 | 7.00 | 80.00 | 87.00 | OK | |
| r-patched-linux-x86_64 | 1.7 | 5.17 | 57.58 | 62.75 | OK | |
| r-release-linux-x86_64 | 1.7 | 4.09 | 57.52 | 61.61 | OK | |
| r-release-macos-arm64 | 1.7 | OK | ||||
| r-release-macos-x86_64 | 1.7 | 4.00 | 65.00 | 69.00 | OK | |
| r-release-windows-x86_64 | 1.7 | 6.00 | 84.00 | 90.00 | OK | |
| r-oldrel-macos-arm64 | 1.7 | OK | ||||
| r-oldrel-macos-x86_64 | 1.7 | 3.00 | 52.00 | 55.00 | OK | |
| r-oldrel-windows-x86_64 | 1.7 | 6.00 | 91.00 | 97.00 | OK |
Version: 1.7
Check: CRAN incoming feasibility
Result: NOTE
Maintainer: ‘Daniel Greene <dg333@cam.ac.uk>’
No Authors@R field in DESCRIPTION.
Please add one, modifying
Authors@R: person(given = "Daniel",
family = "Greene",
role = c("aut", "cre"),
email = "dg333@cam.ac.uk")
as necessary.
Flavors: r-devel-linux-x86_64-debian-clang, r-devel-linux-x86_64-debian-gcc