Last updated on 2025-11-11 10:50:08 CET.
| Flavor | Version | Tinstall | Tcheck | Ttotal | Status | Flags |
|---|---|---|---|---|---|---|
| r-devel-linux-x86_64-debian-clang | 0.1.2 | 8.50 | 84.60 | 93.10 | NOTE | |
| r-devel-linux-x86_64-debian-gcc | 0.2.0 | 6.11 | 63.68 | 69.79 | OK | |
| r-devel-linux-x86_64-fedora-clang | 0.2.0 | 42.00 | 105.43 | 147.43 | OK | |
| r-devel-linux-x86_64-fedora-gcc | 0.2.0 | 18.00 | 118.59 | 136.59 | OK | |
| r-devel-windows-x86_64 | 0.1.2 | 10.00 | 88.00 | 98.00 | NOTE | |
| r-patched-linux-x86_64 | 0.1.2 | 9.57 | 80.40 | 89.97 | NOTE | |
| r-release-linux-x86_64 | 0.1.2 | 8.79 | 79.39 | 88.18 | NOTE | |
| r-release-macos-arm64 | 0.2.0 | 8.00 | 38.00 | 46.00 | OK | |
| r-release-macos-x86_64 | 0.2.0 | 9.00 | 70.00 | 79.00 | OK | |
| r-release-windows-x86_64 | 0.1.2 | 11.00 | 87.00 | 98.00 | NOTE | |
| r-oldrel-macos-arm64 | 0.2.0 | 4.00 | 38.00 | 42.00 | OK | |
| r-oldrel-macos-x86_64 | 0.2.0 | 16.00 | 116.00 | 132.00 | OK | |
| r-oldrel-windows-x86_64 | 0.2.0 | 14.00 | 118.00 | 132.00 | OK |
Version: 0.1.2
Check: CRAN incoming feasibility
Result: NOTE
Maintainer: ‘Pariya Behrouzi <pariya.behrouzi@gmail.com>’
No Authors@R field in DESCRIPTION.
Please add one, modifying
Authors@R: person(given = "Pariya",
family = "Behrouzi",
role = c("aut", "cre"),
email = "https://orcid.org/0000-0001-6762-5433")
as necessary.
Flavor: r-devel-linux-x86_64-debian-clang
Version: 0.1.2
Check: Rd cross-references
Result: NOTE
Found the following Rd file(s) with Rd \link{} targets missing package
anchors:
plot.select.Rd: select
Please provide package anchors for all Rd \link{} targets not in the
package itself and the base packages.
Flavors: r-devel-linux-x86_64-debian-clang, r-devel-windows-x86_64, r-patched-linux-x86_64, r-release-linux-x86_64, r-release-windows-x86_64