Last updated on 2025-11-25 11:51:56 CET.
| Flavor | Version | Tinstall | Tcheck | Ttotal | Status | Flags |
|---|---|---|---|---|---|---|
| r-devel-linux-x86_64-debian-clang | 0.9.0 | 4.54 | 39.91 | 44.45 | NOTE | |
| r-devel-linux-x86_64-debian-gcc | 0.9.0 | 3.40 | 29.82 | 33.22 | NOTE | |
| r-devel-linux-x86_64-fedora-clang | 0.9.0 | 11.00 | 55.54 | 66.54 | OK | |
| r-devel-linux-x86_64-fedora-gcc | 0.9.0 | 61.25 | OK | |||
| r-devel-windows-x86_64 | 0.9.0 | 8.00 | 57.00 | 65.00 | OK | |
| r-patched-linux-x86_64 | 0.9.0 | 4.51 | 36.37 | 40.88 | OK | |
| r-release-linux-x86_64 | 0.9.0 | 4.13 | 36.24 | 40.37 | OK | |
| r-release-macos-arm64 | 0.9.0 | OK | ||||
| r-release-macos-x86_64 | 0.9.0 | 4.00 | 34.00 | 38.00 | OK | |
| r-release-windows-x86_64 | 0.9.0 | 6.00 | 71.00 | 77.00 | OK | |
| r-oldrel-macos-arm64 | 0.9.0 | NOTE | ||||
| r-oldrel-macos-x86_64 | 0.9.0 | 3.00 | 31.00 | 34.00 | NOTE | |
| r-oldrel-windows-x86_64 | 0.9.0 | 9.00 | 64.00 | 73.00 | NOTE |
Version: 0.9.0
Check: CRAN incoming feasibility
Result: NOTE
Maintainer: ‘Eduardo Flores <eduardo@enelmargen.org>’
No Authors@R field in DESCRIPTION.
Please add one, modifying
Authors@R: person(given = "Eduardo",
family = "Flores",
role = c("aut", "cre"),
email = "eduardo@enelmargen.org")
as necessary.
Flavors: r-devel-linux-x86_64-debian-clang, r-devel-linux-x86_64-debian-gcc
Version: 0.9.0
Check: LazyData
Result: NOTE
'LazyData' is specified without a 'data' directory
Flavors: r-oldrel-macos-arm64, r-oldrel-macos-x86_64, r-oldrel-windows-x86_64