CRAN Package Check Results for Package narray

Last updated on 2025-07-28 10:51:24 CEST.

Flavor Version Tinstall Tcheck Ttotal Status Flags
r-devel-linux-x86_64-debian-clang 0.5.1 17.03 33.42 50.45 NOTE
r-devel-linux-x86_64-debian-gcc 0.5.1 11.34 26.74 38.08 NOTE
r-devel-linux-x86_64-fedora-clang 0.5.1 83.29 NOTE
r-devel-linux-x86_64-fedora-gcc 0.5.1 95.37 NOTE
r-devel-windows-x86_64 0.5.1 20.00 84.00 104.00 NOTE
r-patched-linux-x86_64 0.5.1 16.30 32.33 48.63 NOTE
r-release-linux-x86_64 0.5.1 14.62 32.04 46.66 NOTE
r-release-macos-arm64 0.5.1 51.00 NOTE
r-release-macos-x86_64 0.5.1 64.00 NOTE
r-release-windows-x86_64 0.5.1 20.00 71.00 91.00 NOTE
r-oldrel-macos-arm64 0.5.1 33.00 NOTE
r-oldrel-macos-x86_64 0.5.1 49.00 NOTE
r-oldrel-windows-x86_64 0.5.1 22.00 86.00 108.00 NOTE

Check Details

Version: 0.5.1
Check: CRAN incoming feasibility
Result: NOTE Maintainer: ‘Michael Schubert <mschu.dev@gmail.com>’ No Authors@R field in DESCRIPTION. Please add one, modifying Authors@R: person(given = "Michael", family = "Schubert", role = c("aut", "cre"), email = "mschu.dev@gmail.com") as necessary. Flavors: r-devel-linux-x86_64-debian-clang, r-devel-linux-x86_64-debian-gcc

Version: 0.5.1
Check: C++ specification
Result: NOTE Specified C++11: please drop specification unless essential Flavors: r-devel-linux-x86_64-debian-clang, r-devel-linux-x86_64-debian-gcc, r-devel-linux-x86_64-fedora-clang, r-devel-linux-x86_64-fedora-gcc, r-devel-windows-x86_64, r-patched-linux-x86_64, r-release-linux-x86_64, r-release-macos-arm64, r-release-macos-x86_64, r-release-windows-x86_64, r-oldrel-macos-arm64, r-oldrel-macos-x86_64, r-oldrel-windows-x86_64