Last updated on 2025-11-20 11:51:17 CET.
| Flavor | Version | Tinstall | Tcheck | Ttotal | Status | Flags |
|---|---|---|---|---|---|---|
| r-devel-linux-x86_64-debian-clang | 2.1.0 | 3.51 | 39.23 | 42.74 | OK | |
| r-devel-linux-x86_64-debian-gcc | 2.1.0 | 2.59 | 31.20 | 33.79 | OK | |
| r-devel-linux-x86_64-fedora-clang | 2.1.0 | 66.75 | OK | |||
| r-devel-linux-x86_64-fedora-gcc | 2.1.0 | 78.08 | OK | |||
| r-devel-windows-x86_64 | 2.1.0 | 8.00 | 56.00 | 64.00 | OK | |
| r-patched-linux-x86_64 | 2.1.0 | 3.65 | 37.79 | 41.44 | OK | |
| r-release-linux-x86_64 | 2.1.0 | 3.39 | 37.68 | 41.07 | OK | |
| r-release-macos-arm64 | 2.1.0 | OK | ||||
| r-release-macos-x86_64 | 2.1.0 | 5.00 | 83.00 | 88.00 | OK | |
| r-release-windows-x86_64 | 2.1.0 | 5.00 | 58.00 | 63.00 | OK | |
| r-oldrel-macos-arm64 | 2.1.0 | NOTE | ||||
| r-oldrel-macos-x86_64 | 2.1.0 | 3.00 | 42.00 | 45.00 | NOTE | |
| r-oldrel-windows-x86_64 | 2.1.0 | 7.00 | 69.00 | 76.00 | NOTE |
Version: 2.1.0
Check: LazyData
Result: NOTE
'LazyData' is specified without a 'data' directory
Flavors: r-oldrel-macos-arm64, r-oldrel-macos-x86_64, r-oldrel-windows-x86_64