Last updated on 2025-10-22 09:50:41 CEST.
Flavor | Version | Tinstall | Tcheck | Ttotal | Status | Flags |
---|---|---|---|---|---|---|
r-devel-linux-x86_64-debian-clang | 0.3.1 | 6.99 | 184.94 | 191.93 | NOTE | |
r-devel-linux-x86_64-debian-gcc | 0.3.1 | 4.27 | 131.27 | 135.54 | NOTE | |
r-devel-linux-x86_64-fedora-clang | 0.3.1 | 17.00 | 306.93 | 323.93 | OK | |
r-devel-linux-x86_64-fedora-gcc | 0.3.1 | 13.00 | 291.65 | 304.65 | OK | |
r-devel-windows-x86_64 | 0.3.1 | 8.00 | 193.00 | 201.00 | OK | |
r-patched-linux-x86_64 | 0.3.1 | 6.09 | 169.40 | 175.49 | OK | |
r-release-linux-x86_64 | 0.3.1 | 7.02 | 168.88 | 175.90 | OK | |
r-release-macos-arm64 | 0.3.1 | 3.00 | 95.00 | 98.00 | OK | |
r-release-macos-x86_64 | 0.3.1 | 5.00 | 195.00 | 200.00 | OK | |
r-release-windows-x86_64 | 0.3.1 | 8.00 | 191.00 | 199.00 | OK | |
r-oldrel-macos-arm64 | 0.3.1 | 3.00 | 106.00 | 109.00 | OK | |
r-oldrel-macos-x86_64 | 0.3.1 | 6.00 | 192.00 | 198.00 | OK | |
r-oldrel-windows-x86_64 | 0.3.1 | 10.00 | 251.00 | 261.00 | OK |
Version: 0.3.1
Check: HTML version of manual
Result: NOTE
Found the following HTML validation problems:
as_parsed_model.modeldb_lm.html:47:1 (as_parsed_model.modeldb_lm.Rd:10): Warning: missing </ul> before </div>
Flavors: r-devel-linux-x86_64-debian-clang, r-devel-linux-x86_64-debian-gcc