Last updated on 2025-11-03 09:49:36 CET.
| Flavor | Version | Tinstall | Tcheck | Ttotal | Status | Flags | 
|---|---|---|---|---|---|---|
| r-devel-linux-x86_64-debian-clang | 0.0.22 | 44.06 | 447.58 | 491.64 | OK | |
| r-devel-linux-x86_64-debian-gcc | 0.0.22 | 30.21 | 312.05 | 342.26 | OK | |
| r-devel-linux-x86_64-fedora-clang | 0.0.22 | 237.00 | 600.82 | 837.82 | OK | |
| r-devel-linux-x86_64-fedora-gcc | 0.0.22 | 374.00 | 461.01 | 835.01 | OK | |
| r-devel-windows-x86_64 | 0.0.22 | 46.00 | 393.00 | 439.00 | OK | |
| r-patched-linux-x86_64 | 0.0.22 | 0.30 | 1.91 | 2.21 | ERROR | |
| r-release-linux-x86_64 | 0.0.22 | 39.09 | 424.10 | 463.19 | OK | |
| r-release-macos-arm64 | 0.0.22 | 20.00 | 143.00 | 163.00 | OK | |
| r-release-macos-x86_64 | 0.0.22 | 45.00 | 255.00 | 300.00 | OK | |
| r-release-windows-x86_64 | 0.0.22 | 44.00 | 388.00 | 432.00 | OK | |
| r-oldrel-macos-arm64 | 0.0.22 | 21.00 | 148.00 | 169.00 | OK | |
| r-oldrel-macos-x86_64 | 0.0.22 | 40.00 | 269.00 | 309.00 | OK | |
| r-oldrel-windows-x86_64 | 0.0.22 | 59.00 | 517.00 | 576.00 | OK | 
Version: 0.0.22
Check: package dependencies
Result: ERROR
  Packages required but not available: 'DESeq2', 'SummarizedExperiment'
  
  Package suggested but not available for checking: ‘dada2’
  
  See section ‘The DESCRIPTION file’ in the ‘Writing R Extensions’
  manual.
Flavor: r-patched-linux-x86_64