CRAN Package Check Results for Package metaConvert

Last updated on 2025-11-12 10:52:49 CET.

Flavor Version Tinstall Tcheck Ttotal Status Flags
r-devel-linux-x86_64-debian-clang 1.0.3 12.64 125.86 138.50 OK
r-devel-linux-x86_64-debian-gcc 1.0.3 8.27 82.60 90.87 OK
r-devel-linux-x86_64-fedora-clang 1.0.3 25.00 187.58 212.58 NOTE
r-devel-linux-x86_64-fedora-gcc 1.0.3 26.00 207.00 233.00 NOTE
r-devel-windows-x86_64 1.0.3 14.00 149.00 163.00 OK
r-patched-linux-x86_64 1.0.3 13.60 121.16 134.76 OK
r-release-linux-x86_64 1.0.3 11.73 118.31 130.04 OK
r-release-macos-arm64 1.0.3 5.00 53.00 58.00 OK
r-release-macos-x86_64 1.0.3 16.00 118.00 134.00 OK
r-release-windows-x86_64 1.0.3 14.00 146.00 160.00 OK
r-oldrel-macos-arm64 1.0.3 5.00 56.00 61.00 OK
r-oldrel-macos-x86_64 1.0.3 10.00 113.00 123.00 OK
r-oldrel-windows-x86_64 1.0.3 18.00 182.00 200.00 OK

Check Details

Version: 1.0.3
Check: dependencies in R code
Result: NOTE Namespace in Imports field not imported from: ‘mvtnorm’ All declared Imports should be used. Flavors: r-devel-linux-x86_64-fedora-clang, r-devel-linux-x86_64-fedora-gcc