Last updated on 2024-06-16 09:56:08 CEST.
Flavor | Version | Tinstall | Tcheck | Ttotal | Status | Flags |
---|---|---|---|---|---|---|
r-devel-linux-x86_64-debian-clang | 0.1.1 | 87.10 | 90.38 | 177.48 | NOTE | |
r-devel-linux-x86_64-debian-gcc | 0.1.1 | 55.26 | 76.06 | 131.32 | NOTE | |
r-devel-linux-x86_64-fedora-clang | 0.1.1 | 232.64 | NOTE | |||
r-devel-linux-x86_64-fedora-gcc | 0.1.1 | 240.98 | NOTE | |||
r-devel-windows-x86_64 | 0.1.1 | 56.00 | 114.00 | 170.00 | NOTE | |
r-patched-linux-x86_64 | 0.1.1 | 66.14 | 98.48 | 164.62 | NOTE | |
r-release-linux-x86_64 | 0.1.1 | 62.54 | 96.94 | 159.48 | NOTE | |
r-release-macos-arm64 | 0.1.1 | 66.00 | NOTE | |||
r-release-macos-x86_64 | 0.1.1 | 104.00 | NOTE | |||
r-release-windows-x86_64 | 0.1.1 | 57.00 | 121.00 | 178.00 | NOTE | |
r-oldrel-macos-arm64 | 0.1.1 | 72.00 | NOTE | |||
r-oldrel-macos-x86_64 | 0.1.1 | 123.00 | NOTE | |||
r-oldrel-windows-x86_64 | 0.1.1 | 70.00 | 137.00 | 207.00 | NOTE |
Version: 0.1.1
Check: C++ specification
Result: NOTE
Specified C++11: please drop specification unless essential
Flavors: r-devel-linux-x86_64-debian-clang, r-devel-linux-x86_64-debian-gcc, r-devel-linux-x86_64-fedora-clang, r-devel-linux-x86_64-fedora-gcc, r-devel-windows-x86_64, r-patched-linux-x86_64, r-release-linux-x86_64, r-release-macos-arm64, r-release-macos-x86_64, r-release-windows-x86_64, r-oldrel-macos-arm64, r-oldrel-macos-x86_64, r-oldrel-windows-x86_64
Version: 0.1.1
Check: installed package size
Result: NOTE
installed size is 5.1Mb
sub-directories of 1Mb or more:
examples 2.7Mb
libs 1.3Mb
Flavors: r-devel-windows-x86_64, r-release-macos-arm64, r-release-macos-x86_64, r-release-windows-x86_64, r-oldrel-macos-arm64, r-oldrel-macos-x86_64, r-oldrel-windows-x86_64