Last updated on 2025-11-27 11:50:06 CET.
| Flavor | Version | Tinstall | Tcheck | Ttotal | Status | Flags |
|---|---|---|---|---|---|---|
| r-devel-linux-x86_64-debian-clang | 0.7.0 | 0.33 | 2.52 | 2.85 | ERROR | |
| r-devel-linux-x86_64-debian-gcc | 0.7.0 | 0.29 | 2.44 | 2.73 | ERROR | |
| r-devel-linux-x86_64-fedora-clang | 0.7.0 | 165.00 | 348.28 | 513.28 | OK | |
| r-devel-linux-x86_64-fedora-gcc | 0.7.0 | 149.00 | 369.60 | 518.60 | OK | |
| r-devel-windows-x86_64 | 0.7.0 | 37.00 | 225.00 | 262.00 | OK | |
| r-patched-linux-x86_64 | 0.7.0 | 0.21 | 1.92 | 2.13 | ERROR | |
| r-release-linux-x86_64 | 0.7.0 | 31.89 | 274.24 | 306.13 | OK | |
| r-release-macos-arm64 | 0.7.0 | OK | ||||
| r-release-macos-x86_64 | 0.7.0 | 46.00 | 198.00 | 244.00 | OK | |
| r-release-windows-x86_64 | 0.7.0 | 33.00 | 229.00 | 262.00 | OK | |
| r-oldrel-macos-arm64 | 0.7.0 | OK | ||||
| r-oldrel-macos-x86_64 | 0.7.0 | 35.00 | 230.00 | 265.00 | OK | |
| r-oldrel-windows-x86_64 | 0.7.0 | 48.00 | 311.00 | 359.00 | OK |
Version: 0.7.0
Check: package dependencies
Result: ERROR
Packages required but not available: 'leafem', 'mapview'
Package which this enhances but not available for checking: ‘geojsonio’
See section ‘The DESCRIPTION file’ in the ‘Writing R Extensions’
manual.
Flavors: r-devel-linux-x86_64-debian-clang, r-devel-linux-x86_64-debian-gcc, r-patched-linux-x86_64