Last updated on 2024-06-16 09:56:08 CEST.
Flavor | Version | Tinstall | Tcheck | Ttotal | Status | Flags |
---|---|---|---|---|---|---|
r-devel-linux-x86_64-debian-clang | 3.6.4 | 17.20 | 251.67 | 268.87 | NOTE | |
r-devel-linux-x86_64-debian-gcc | 3.6.4 | 14.50 | 185.19 | 199.69 | NOTE | |
r-devel-linux-x86_64-fedora-clang | 3.6.4 | 339.34 | NOTE | |||
r-devel-linux-x86_64-fedora-gcc | 3.6.4 | 343.07 | NOTE | |||
r-devel-windows-x86_64 | 3.6.4 | 17.00 | 208.00 | 225.00 | NOTE | |
r-patched-linux-x86_64 | 3.6.4 | 17.97 | 244.67 | 262.64 | NOTE | |
r-release-linux-x86_64 | 3.6.4 | 16.60 | 242.94 | 259.54 | NOTE | |
r-release-macos-arm64 | 3.6.4 | 104.00 | NOTE | |||
r-release-macos-x86_64 | 3.6.4 | 179.00 | NOTE | |||
r-release-windows-x86_64 | 3.6.4 | 17.00 | 211.00 | 228.00 | NOTE | |
r-oldrel-macos-arm64 | 3.6.4 | 117.00 | OK | |||
r-oldrel-macos-x86_64 | 3.6.4 | 270.00 | OK | |||
r-oldrel-windows-x86_64 | 3.6.4 | 23.00 | 264.00 | 287.00 | OK |
Version: 3.6.4
Check: Rd files
Result: NOTE
checkRd: (-1) toolAggregate.Rd:49: Lost braces; missing escapes or markup?
49 | If {rel} is missing \code{to} refers to the aggregation target dimension name.}
| ^
checkRd: (-1) toolGetMapping.Rd:18: Lost braces
18 | and rda (which needs to have the data stored with the object name "data"!). Use code{\link{toolConvertMapping}}
| ^
Flavors: r-devel-linux-x86_64-debian-clang, r-devel-linux-x86_64-debian-gcc, r-devel-linux-x86_64-fedora-clang, r-devel-linux-x86_64-fedora-gcc, r-devel-windows-x86_64, r-patched-linux-x86_64, r-release-linux-x86_64, r-release-macos-arm64, r-release-macos-x86_64, r-release-windows-x86_64