CRAN Package Check Results for Package maddison

Last updated on 2025-11-19 10:48:51 CET.

Flavor Version Tinstall Tcheck Ttotal Status Flags
r-devel-linux-x86_64-debian-clang 0.2 1.72 26.53 28.25 OK
r-devel-linux-x86_64-debian-gcc 0.2 1.41 22.12 23.53 OK
r-devel-linux-x86_64-fedora-clang 0.2 42.02 OK
r-devel-linux-x86_64-fedora-gcc 0.2 57.83 OK
r-devel-windows-x86_64 0.2 5.00 44.00 49.00 NOTE
r-patched-linux-x86_64 0.2 1.44 24.51 25.95 OK
r-release-linux-x86_64 0.2 1.32 24.39 25.71 OK
r-release-macos-arm64 0.2 1.00 30.00 31.00 OK
r-release-macos-x86_64 0.2 2.00 52.00 54.00 OK
r-release-windows-x86_64 0.2 4.00 44.00 48.00 OK
r-oldrel-macos-arm64 0.2 1.00 22.00 23.00 OK
r-oldrel-macos-x86_64 0.2 2.00 30.00 32.00 OK
r-oldrel-windows-x86_64 0.2 3.00 50.00 53.00 OK

Check Details

Version: 0.2
Check: Rd files
Result: NOTE checkRd: (-1) maddison.Rd:33-43: Only 2 columns allowed in this table (row 1 has 1) checkRd: (-1) maddison.Rd:33-43: Only 2 columns allowed in this table (row 2 has 1) checkRd: (-1) maddison.Rd:33-43: Only 2 columns allowed in this table (row 3 has 1) Flavor: r-devel-windows-x86_64