Last updated on 2025-10-22 09:50:39 CEST.
Flavor | Version | Tinstall | Tcheck | Ttotal | Status | Flags |
---|---|---|---|---|---|---|
r-devel-linux-x86_64-debian-clang | 0.1.2 | 4.22 | 85.63 | 89.85 | NOTE | |
r-devel-linux-x86_64-debian-gcc | 0.1.2 | 3.14 | 60.63 | 63.77 | NOTE | |
r-devel-linux-x86_64-fedora-clang | 0.1.2 | 12.00 | 124.06 | 136.06 | OK | |
r-devel-linux-x86_64-fedora-gcc | 0.1.2 | 141.42 | OK | |||
r-devel-windows-x86_64 | 0.1.2 | 6.00 | 124.00 | 130.00 | OK | |
r-patched-linux-x86_64 | 0.1.2 | 4.57 | 79.25 | 83.82 | OK | |
r-release-linux-x86_64 | 0.1.2 | 3.37 | 80.53 | 83.90 | OK | |
r-release-macos-arm64 | 0.1.2 | 2.00 | 40.00 | 42.00 | OK | |
r-release-macos-x86_64 | 0.1.2 | 4.00 | 81.00 | 85.00 | OK | |
r-release-windows-x86_64 | 0.1.2 | 8.00 | 102.00 | 110.00 | OK | |
r-oldrel-macos-arm64 | 0.1.2 | 2.00 | 41.00 | 43.00 | OK | |
r-oldrel-macos-x86_64 | 0.1.2 | 3.00 | 62.00 | 65.00 | OK | |
r-oldrel-windows-x86_64 | 0.1.2 | 7.00 | 127.00 | 134.00 | OK |
Version: 0.1.2
Check: HTML version of manual
Result: NOTE
Found the following HTML validation problems:
accuracy_means_params.html:51:1 (accuracy_means_params.Rd:14): Warning: missing </ul> before </div>
accuracy_params.html:46:1 (accuracy_params.Rd:11): Warning: missing </ul> before </div>
new_lvmisc_accuracy.html:50:1 (new_lvmisc_accuracy.Rd:12): Warning: missing </ul> before </div>
new_lvmisc_cv.html:50:1 (new_lvmisc_cv.Rd:12): Warning: missing </ul> before </div>
Flavors: r-devel-linux-x86_64-debian-clang, r-devel-linux-x86_64-debian-gcc