Last updated on 2025-11-25 11:51:53 CET.
| Flavor | Version | Tinstall | Tcheck | Ttotal | Status | Flags |
|---|---|---|---|---|---|---|
| r-devel-linux-x86_64-debian-clang | 0.1.0 | 10.04 | 93.73 | 103.77 | OK | |
| r-devel-linux-x86_64-debian-gcc | 0.1.0 | 7.50 | 68.53 | 76.03 | OK | |
| r-devel-linux-x86_64-fedora-clang | 0.1.0 | 30.00 | 129.87 | 159.87 | NOTE | |
| r-devel-linux-x86_64-fedora-gcc | 0.1.0 | 24.00 | 126.96 | 150.96 | NOTE | |
| r-devel-windows-x86_64 | 0.1.0 | 13.00 | 95.00 | 108.00 | OK | |
| r-patched-linux-x86_64 | 0.1.0 | 10.24 | 89.72 | 99.96 | OK | |
| r-release-linux-x86_64 | 0.1.0 | 11.28 | 89.90 | 101.18 | OK | |
| r-release-macos-arm64 | 0.1.0 | OK | ||||
| r-release-macos-x86_64 | 0.1.0 | 17.00 | 100.00 | 117.00 | OK | |
| r-release-windows-x86_64 | 0.1.0 | 13.00 | 96.00 | 109.00 | OK | |
| r-oldrel-macos-arm64 | 0.1.0 | OK | ||||
| r-oldrel-macos-x86_64 | 0.1.0 | 8.00 | 57.00 | 65.00 | OK | |
| r-oldrel-windows-x86_64 | 0.1.0 | 15.00 | 121.00 | 136.00 | OK |
Version: 0.1.0
Check: dependencies in R code
Result: NOTE
Namespace in Imports field not imported from: ‘utils’
All declared Imports should be used.
Flavors: r-devel-linux-x86_64-fedora-clang, r-devel-linux-x86_64-fedora-gcc