Last updated on 2025-10-31 09:50:21 CET.
| Flavor | Version | Tinstall | Tcheck | Ttotal | Status | Flags | 
|---|---|---|---|---|---|---|
| r-devel-linux-x86_64-debian-clang | 1.0 | 6.00 | 95.00 | 101.00 | NOTE | |
| r-devel-linux-x86_64-debian-gcc | 1.0 | 5.43 | 64.12 | 69.55 | NOTE | |
| r-devel-linux-x86_64-fedora-clang | 1.0 | 14.00 | 146.06 | 160.06 | NOTE | |
| r-devel-linux-x86_64-fedora-gcc | 1.0 | 13.00 | 144.42 | 157.42 | NOTE | |
| r-devel-windows-x86_64 | 1.0 | 8.00 | 99.00 | 107.00 | NOTE | |
| r-patched-linux-x86_64 | 1.0 | 6.63 | 91.72 | 98.35 | NOTE | |
| r-release-linux-x86_64 | 1.0 | 6.14 | 94.95 | 101.09 | NOTE | |
| r-release-macos-arm64 | 1.0 | 4.00 | 44.00 | 48.00 | NOTE | |
| r-release-macos-x86_64 | 1.0 | 5.00 | 78.00 | 83.00 | NOTE | |
| r-release-windows-x86_64 | 1.0 | 8.00 | 99.00 | 107.00 | NOTE | |
| r-oldrel-macos-arm64 | 1.0 | 3.00 | 34.00 | 37.00 | NOTE | |
| r-oldrel-macos-x86_64 | 1.0 | 5.00 | 53.00 | 58.00 | NOTE | |
| r-oldrel-windows-x86_64 | 1.0 | 9.00 | 126.00 | 135.00 | NOTE | 
Version: 1.0
Check: CRAN incoming feasibility
Result: NOTE
  Maintainer: ‘Alessio Farcomeni <alessio.farcomeni@uniroma1.it>’
  
  No Authors@R field in DESCRIPTION.
  Please add one, modifying
    Authors@R: person(given = "Alessio",
                      family = "Farcomeni",
                      role = c("aut", "cre"),
                      email = "alessio.farcomeni@uniroma1.it")
  as necessary.
Flavors: r-devel-linux-x86_64-debian-clang, r-devel-linux-x86_64-debian-gcc
Version: 1.0
Check: Rd files
Result: NOTE
  checkRd: (-1) butstrap.Rd:44: Escaped LaTeX specials: \&
  checkRd: (-1) butstrap.nri.Rd:42: Escaped LaTeX specials: \&
  checkRd: (-1) butstrap.s.Rd:44: Escaped LaTeX specials: \&
  checkRd: (-1) maxauc.Rd:39: Escaped LaTeX specials: \&
  checkRd: (-1) maxauc.s.Rd:39: Escaped LaTeX specials: \&
  checkRd: (-1) nri.Rd:33: Escaped LaTeX specials: \&
  checkRd: (-1) roc.Rd:27: Lost braces; missing escapes or markup?
      27 | Se(t,c,s,u) = Pr(f_c(X(t_1),X(t_2),...,X(t_{s_i}))| u <= T <= t),
         |                                            ^
  checkRd: (-1) roc.Rd:31: Lost braces; missing escapes or markup?
      31 | Sp(t,c,s,u) = 1-Pr(f_c(X(t_1),X(t_2),...,X(t_{s_i})) | T > t) 
         |                                              ^
  checkRd: (-1) roc.Rd:47: Escaped LaTeX specials: \&
  checkRd: (-1) roc.s.Rd:27: Lost braces; missing escapes or markup?
      27 | Se(t,c,s,u) = Pr(f_c(X(t_1),X(t_2),...,X(t_{s_i}))| u <= T <= t),
         |                                            ^
  checkRd: (-1) roc.s.Rd:31: Lost braces; missing escapes or markup?
      31 | Sp(t,c,s,u) = 1-Pr(f_c(X(t_1),X(t_2),...,X(t_{s_i})) | T > t) 
         |                                              ^
  checkRd: (-1) roc.s.Rd:47: Escaped LaTeX specials: \&
  checkRd: (-1) sensspec.Rd:27: Lost braces; missing escapes or markup?
      27 | Se(t,c,s,u) = Pr(f_c(X(t_1),X(t_2),...,X(t_{s_i}))| u <= T <= t),
         |                                            ^
  checkRd: (-1) sensspec.Rd:31: Lost braces; missing escapes or markup?
      31 | Sp(t,c,s,u) = 1-Pr(f_c(X(t_1),X(t_2),...,X(t_{s_i})) | T > t) 
         |                                              ^
  checkRd: (-1) sensspec.Rd:47: Escaped LaTeX specials: \&
  checkRd: (-1) sensspec.s.Rd:27: Lost braces; missing escapes or markup?
      27 | Se(t,c,s,u) = Pr(f_c(X(t_1),X(t_2),...,X(t_{s_i}))| u <= T <= t),
         |                                            ^
  checkRd: (-1) sensspec.s.Rd:31: Lost braces; missing escapes or markup?
      31 | Sp(t,c,s,u) = 1-Pr(f_c(X(t_1),X(t_2),...,X(t_{s_i})) | T > t) 
         |                                              ^
  checkRd: (-1) sensspec.s.Rd:47: Escaped LaTeX specials: \&
Flavors: r-devel-linux-x86_64-debian-clang, r-devel-linux-x86_64-debian-gcc, r-devel-linux-x86_64-fedora-clang, r-devel-linux-x86_64-fedora-gcc, r-devel-windows-x86_64, r-patched-linux-x86_64, r-release-linux-x86_64, r-release-macos-arm64, r-release-macos-x86_64, r-release-windows-x86_64, r-oldrel-macos-arm64, r-oldrel-macos-x86_64, r-oldrel-windows-x86_64
Version: 1.0
Check: LazyData
Result: NOTE
    'LazyData' is specified without a 'data' directory
Flavors: r-oldrel-macos-arm64, r-oldrel-macos-x86_64, r-oldrel-windows-x86_64