CRAN Package Check Results for Package lavaanPlot

Last updated on 2025-11-15 11:50:48 CET.

Flavor Version Tinstall Tcheck Ttotal Status Flags
r-devel-linux-x86_64-debian-clang 0.8.1 4.69 59.18 63.87 NOTE
r-devel-linux-x86_64-debian-gcc 0.8.1 3.46 44.88 48.34 NOTE
r-devel-linux-x86_64-fedora-clang 0.8.1 29.00 78.56 107.56 OK
r-devel-linux-x86_64-fedora-gcc 0.8.1 110.98 OK
r-devel-windows-x86_64 0.8.1 17.00 76.00 93.00 OK
r-patched-linux-x86_64 0.8.1 4.55 57.42 61.97 OK
r-release-linux-x86_64 0.8.1 3.93 56.79 60.72 OK
r-release-macos-arm64 0.8.1 2.00 40.00 42.00 OK
r-release-macos-x86_64 0.8.1 4.00 67.00 71.00 OK
r-release-windows-x86_64 0.8.1 8.00 75.00 83.00 OK
r-oldrel-macos-arm64 0.8.1 3.00 40.00 43.00 NOTE
r-oldrel-macos-x86_64 0.8.1 3.00 59.00 62.00 NOTE
r-oldrel-windows-x86_64 0.8.1 10.00 91.00 101.00 NOTE

Check Details

Version: 0.8.1
Check: CRAN incoming feasibility
Result: NOTE Maintainer: ‘Alex Lishinski <alexlishinski@gmail.com>’ No Authors@R field in DESCRIPTION. Please add one, modifying Authors@R: person(given = "Alex", family = "Lishinski", role = c("aut", "cre"), email = "alexlishinski@gmail.com") as necessary. Flavors: r-devel-linux-x86_64-debian-clang, r-devel-linux-x86_64-debian-gcc

Version: 0.8.1
Check: installed package size
Result: NOTE installed size is 6.5Mb sub-directories of 1Mb or more: doc 6.4Mb Flavors: r-oldrel-macos-arm64, r-oldrel-macos-x86_64, r-oldrel-windows-x86_64