Last updated on 2025-10-31 09:50:20 CET.
| Flavor | Version | Tinstall | Tcheck | Ttotal | Status | Flags | 
|---|---|---|---|---|---|---|
| r-devel-linux-x86_64-debian-clang | 1.0.13 | 2.12 | 28.43 | 30.55 | NOTE | |
| r-devel-linux-x86_64-debian-gcc | 1.0.13 | 1.63 | 21.95 | 23.58 | NOTE | |
| r-devel-linux-x86_64-fedora-clang | 1.0.13 | 46.08 | OK | |||
| r-devel-linux-x86_64-fedora-gcc | 1.0.13 | 42.65 | OK | |||
| r-devel-windows-x86_64 | 1.0.13 | 3.00 | 49.00 | 52.00 | OK | |
| r-patched-linux-x86_64 | 1.0.13 | 2.71 | 26.50 | 29.21 | OK | |
| r-release-linux-x86_64 | 1.0.13 | 1.89 | 26.31 | 28.20 | OK | |
| r-release-macos-arm64 | 1.0.13 | 1.00 | 16.00 | 17.00 | OK | |
| r-release-macos-x86_64 | 1.0.13 | 2.00 | 27.00 | 29.00 | OK | |
| r-release-windows-x86_64 | 1.0.13 | 4.00 | 53.00 | 57.00 | OK | |
| r-oldrel-macos-arm64 | 1.0.13 | 1.00 | 16.00 | 17.00 | OK | |
| r-oldrel-macos-x86_64 | 1.0.13 | 2.00 | 22.00 | 24.00 | OK | |
| r-oldrel-windows-x86_64 | 1.0.13 | 4.00 | 48.00 | 52.00 | OK | 
Version: 1.0.13
Check: CRAN incoming feasibility
Result: NOTE
  Maintainer: ‘Stefano M. Iacus <siacus@iq.harvard.edu>’
  
  No Authors@R field in DESCRIPTION.
  Please add one, modifying
    Authors@R: c(person(given = "Stefano",
                        family = "M.Iacus",
                        role = "aut",
                        email = "siacus@iq.harvard.edu"),
                 person(given = "Guido",
                        family = "Masarotto",
                        role = "aut",
                        email = "guido@sirio.stat.unipd.it"),
                 person(given = c("Stefano", "M."),
                        family = "Iacus",
                        role = "cre",
                        email = "siacus@iq.harvard.edu"))
  as necessary.
Flavors: r-devel-linux-x86_64-debian-clang, r-devel-linux-x86_64-debian-gcc