Last updated on 2025-11-15 11:50:47 CET.
| Flavor | Version | Tinstall | Tcheck | Ttotal | Status | Flags |
|---|---|---|---|---|---|---|
| r-devel-linux-x86_64-debian-clang | 1.1 | 6.98 | 55.36 | 62.34 | NOTE | |
| r-devel-linux-x86_64-debian-gcc | 1.1 | 4.55 | 42.17 | 46.72 | NOTE | |
| r-devel-linux-x86_64-fedora-clang | 1.1 | 36.00 | 69.22 | 105.22 | OK | |
| r-devel-linux-x86_64-fedora-gcc | 1.1 | 18.00 | 70.85 | 88.85 | OK | |
| r-devel-windows-x86_64 | 1.1 | 9.00 | 64.00 | 73.00 | OK | |
| r-patched-linux-x86_64 | 1.1 | 6.65 | 52.37 | 59.02 | OK | |
| r-release-linux-x86_64 | 1.1 | 6.57 | 53.49 | 60.06 | OK | |
| r-release-macos-arm64 | 1.1 | 2.00 | 22.00 | 24.00 | OK | |
| r-release-macos-x86_64 | 1.1 | 5.00 | 38.00 | 43.00 | OK | |
| r-release-windows-x86_64 | 1.1 | 8.00 | 65.00 | 73.00 | OK | |
| r-oldrel-macos-arm64 | 1.1 | 2.00 | 23.00 | 25.00 | OK | |
| r-oldrel-macos-x86_64 | 1.1 | 4.00 | 31.00 | 35.00 | OK | |
| r-oldrel-windows-x86_64 | 1.1 | 13.00 | 89.00 | 102.00 | OK |
Version: 1.1
Check: CRAN incoming feasibility
Result: NOTE
Maintainer: ‘Cengiz Zopluoglu <cen.zop@gmail.com>’
No Authors@R field in DESCRIPTION.
Please add one, modifying
Authors@R: person(given = "Cengiz",
family = "Zopluoglu",
role = c("aut", "cre"),
email = "cen.zop@gmail.com")
as necessary.
Flavors: r-devel-linux-x86_64-debian-clang, r-devel-linux-x86_64-debian-gcc