CRAN Package Check Results for Package irrNA

Last updated on 2025-10-22 09:50:37 CEST.

Flavor Version Tinstall Tcheck Ttotal Status Flags
r-devel-linux-x86_64-debian-clang 0.2.3 2.80 23.99 26.79 NOTE
r-devel-linux-x86_64-debian-gcc 0.2.3 1.85 18.42 20.27 NOTE
r-devel-linux-x86_64-fedora-clang 0.2.3 38.85 OK
r-devel-linux-x86_64-fedora-gcc 0.2.3 34.20 OK
r-devel-windows-x86_64 0.2.3 4.00 42.00 46.00 OK
r-patched-linux-x86_64 0.2.3 3.07 22.22 25.29 OK
r-release-linux-x86_64 0.2.3 2.17 22.48 24.65 OK
r-release-macos-arm64 0.2.3 1.00 16.00 17.00 OK
r-release-macos-x86_64 0.2.3 2.00 31.00 33.00 OK
r-release-windows-x86_64 0.2.3 5.00 46.00 51.00 OK
r-oldrel-macos-arm64 0.2.3 1.00 15.00 16.00 OK
r-oldrel-macos-x86_64 0.2.3 2.00 25.00 27.00 OK
r-oldrel-windows-x86_64 0.2.3 5.00 42.00 47.00 OK

Check Details

Version: 0.2.3
Check: CRAN incoming feasibility
Result: NOTE Maintainer: ‘Markus Brueckl <markus.brueckl@tu-berlin.de>’ No Authors@R field in DESCRIPTION. Please add one, modifying Authors@R: c(person(given = "Markus", family = "Brueckl", role = c("aut", "cre"), email = "markus.brueckl@tu-berlin.de"), person(given = "Florian", family = "Heuer", role = c("aut", "trl"))) as necessary. Flavors: r-devel-linux-x86_64-debian-clang, r-devel-linux-x86_64-debian-gcc