Last updated on 2025-11-26 09:51:19 CET.
| Flavor | Version | Tinstall | Tcheck | Ttotal | Status | Flags |
|---|---|---|---|---|---|---|
| r-devel-linux-x86_64-debian-clang | 0.5.0 | 6.18 | 75.34 | 81.52 | OK | |
| r-devel-linux-x86_64-debian-gcc | 0.5.0 | 5.16 | 53.94 | 59.10 | OK | |
| r-devel-linux-x86_64-fedora-clang | 0.5.0 | 14.00 | 108.34 | 122.34 | OK | |
| r-devel-linux-x86_64-fedora-gcc | 0.5.0 | 15.00 | 107.87 | 122.87 | ERROR | |
| r-devel-windows-x86_64 | 0.5.0 | 14.00 | 97.00 | 111.00 | OK | |
| r-patched-linux-x86_64 | 0.5.0 | 7.08 | 69.97 | 77.05 | OK | |
| r-release-linux-x86_64 | 0.5.0 | 5.86 | 70.32 | 76.18 | OK | |
| r-release-macos-arm64 | 0.5.0 | OK | ||||
| r-release-macos-x86_64 | 0.5.0 | 6.00 | 105.00 | 111.00 | OK | |
| r-release-windows-x86_64 | 0.5.0 | 9.00 | 97.00 | 106.00 | OK | |
| r-oldrel-macos-arm64 | 0.5.0 | OK | ||||
| r-oldrel-macos-x86_64 | 0.5.0 | 6.00 | 105.00 | 111.00 | OK | |
| r-oldrel-windows-x86_64 | 0.5.0 | 11.00 | 124.00 | 135.00 | OK |
Version: 0.5.0
Check: re-building of vignette outputs
Result: ERROR
Error(s) in re-building vignettes:
--- re-building ‘cookbook.Rmd’ using rmarkdown
--- finished re-building ‘cookbook.Rmd’
--- re-building ‘intro_ipeaplot.Rmd’ using rmarkdown
Download status: 0 done; 27 in progress (0 b/s). Total size: 2.61 Kb (??%)...
Download status: 26 done; 1 in progress (146 b/s). Total size: 44.28 Kb (??%)...
Download status: 26 done; 1 in progress (941 b/s). Total size: 97.94 Kb (??%)...
Download status: 26 done; 1 in progress (1.78 Kb/s). Total size: 134.43 Kb (??%)...
Download status: 26 done; 1 in progress (4.12 Kb/s). Total size: 241.41 Kb (??%)...
Download status: 26 done; 1 in progress (5.19 Kb/s). Total size: 327.76 Kb (??%)...
Download status: 26 done; 1 in progress (6.00 Kb/s). Total size: 428.18 Kb (??%)...
Download status: 27 done; 0 in progress. Total size: 468.00 Kb (168%)... done!
Download status: 0 done; 27 in progress (0 b/s). Total size: 2.61 Kb (??%)...
Download status: 1 done; 26 in progress (742 b/s). Total size: 282.05 Kb (??%)...
Download status: 22 done; 5 in progress (3.21 Kb/s). Total size: 947.84 Kb (??%)...
Download status: 26 done; 1 in progress (3.39 Kb/s). Total size: 1.26 Mb (??%)...
Download status: 27 done; 0 in progress. Total size: 1.28 Mb (307%)... done!
Download status: 0 done; 27 in progress (0 b/s). Total size: 468.00 Kb (??%)...
Download status: 3 done; 24 in progress (165.41 Kb/s). Total size: 2.88 Mb (??%)...
Download status: 23 done; 4 in progress (100.10 Kb/s). Total size: 3.75 Mb (??%)...
Download status: 23 done; 4 in progress (84.47 Kb/s). Total size: 3.86 Mb (??%)...
Download status: 23 done; 4 in progress (81.38 Kb/s). Total size: 4.13 Mb (??%)...
Download status: 24 done; 3 in progress (43.81 Kb/s). Total size: 4.33 Mb (??%)...
Download status: 25 done; 2 in progress (32.04 Kb/s). Total size: 4.51 Mb (??%)...
Download status: 26 done; 1 in progress (10.38 Kb/s). Total size: 4.62 Mb (??%)...
Download status: 26 done; 1 in progress (12.72 Kb/s). Total size: 4.80 Mb (??%)...
Download status: 26 done; 1 in progress (11.55 Kb/s). Total size: 4.84 Mb (??%)...
Download status: 26 done; 1 in progress (11.24 Kb/s). Total size: 4.96 Mb (??%)...
Download status: 27 done; 0 in progress. Total size: 5.11 Mb (152%)... done!
Download status: 0 done; 27 in progress (0 b/s). Total size: 1.28 Mb (??%)...
Download status: 27 done; 0 in progress. Total size: 4.19 Mb (180%)... done!
Quitting from intro_ipeaplot.Rmd:212-225 [unnamed-chunk-13]
~~~~~~~~~~~~~~~~~~~~~~~~~~~~~~~~~~~~~~~~~~~~~~~~~~~~~~~~~~~~~~~~~~~~~~~~~~~~~~~~
<error/rlang_error>
Error in `UseMethod()`:
! no applicable method for 'left_join' applied to an object of class "NULL"
---
Backtrace:
▆
1. └─dplyr::left_join(mun, df_escola, by = "code_muni")
~~~~~~~~~~~~~~~~~~~~~~~~~~~~~~~~~~~~~~~~~~~~~~~~~~~~~~~~~~~~~~~~~~~~~~~~~~~~~~~~
Error: processing vignette 'intro_ipeaplot.Rmd' failed with diagnostics:
no applicable method for 'left_join' applied to an object of class "NULL"
--- failed re-building ‘intro_ipeaplot.Rmd’
SUMMARY: processing the following file failed:
‘intro_ipeaplot.Rmd’
Error: Vignette re-building failed.
Execution halted
Flavor: r-devel-linux-x86_64-fedora-gcc