Last updated on 2025-11-14 10:49:59 CET.
| Flavor | Version | Tinstall | Tcheck | Ttotal | Status | Flags |
|---|---|---|---|---|---|---|
| r-devel-linux-x86_64-debian-clang | 0.8.0 | 13.61 | 126.98 | 140.59 | OK | |
| r-devel-linux-x86_64-debian-gcc | 0.8.0 | 10.18 | 84.75 | 94.93 | OK | |
| r-devel-linux-x86_64-fedora-clang | 0.8.0 | 63.00 | 141.35 | 204.35 | OK | |
| r-devel-linux-x86_64-fedora-gcc | 0.8.0 | 29.00 | 164.85 | 193.85 | OK | |
| r-devel-windows-x86_64 | 0.8.0 | 18.00 | 122.00 | 140.00 | OK | |
| r-patched-linux-x86_64 | 0.8.0 | 15.24 | 104.84 | 120.08 | OK | |
| r-release-linux-x86_64 | 0.8.0 | 13.79 | 105.80 | 119.59 | OK | |
| r-release-macos-arm64 | 0.8.0 | 6.00 | 60.00 | 66.00 | OK | |
| r-release-macos-x86_64 | 0.8.0 | 10.00 | 122.00 | 132.00 | OK | |
| r-release-windows-x86_64 | 0.8.0 | 19.00 | 121.00 | 140.00 | OK | |
| r-oldrel-macos-arm64 | 0.8.0 | 7.00 | 54.00 | 61.00 | NOTE | |
| r-oldrel-macos-x86_64 | 0.8.0 | 14.00 | 107.00 | 121.00 | NOTE | |
| r-oldrel-windows-x86_64 | 0.8.0 | 20.00 | 178.00 | 198.00 | NOTE |
Version: 0.8.0
Check: LazyData
Result: NOTE
'LazyData' is specified without a 'data' directory
Flavors: r-oldrel-macos-arm64, r-oldrel-macos-x86_64, r-oldrel-windows-x86_64