Last updated on 2025-07-22 10:48:45 CEST.
Flavor | Version | Tinstall | Tcheck | Ttotal | Status | Flags |
---|---|---|---|---|---|---|
r-devel-linux-x86_64-debian-clang | 0.1.4 | 71.25 | 147.87 | 219.12 | OK | |
r-devel-linux-x86_64-debian-gcc | 0.1.4 | 43.55 | 101.41 | 144.96 | OK | |
r-devel-linux-x86_64-fedora-clang | 0.1.4 | 317.20 | OK | |||
r-devel-linux-x86_64-fedora-gcc | 0.1.4 | 309.40 | OK | |||
r-devel-windows-x86_64 | 0.1.4 | 58.00 | 144.00 | 202.00 | OK | |
r-patched-linux-x86_64 | 0.1.4 | 57.33 | 127.62 | 184.95 | OK | |
r-release-linux-x86_64 | 0.1.4 | 57.42 | 126.48 | 183.90 | OK | |
r-release-macos-arm64 | 0.1.4 | 135.00 | OK | |||
r-release-macos-x86_64 | 0.1.4 | 173.00 | OK | |||
r-release-windows-x86_64 | 0.1.4 | 63.00 | 145.00 | 208.00 | OK | |
r-oldrel-macos-arm64 | 0.1.4 | 99.00 | NOTE | |||
r-oldrel-macos-x86_64 | 0.1.4 | 195.00 | NOTE | |||
r-oldrel-windows-x86_64 | 0.1.4 | 78.00 | 191.00 | 269.00 | OK |
Version: 0.1.4
Check: installed package size
Result: NOTE
installed size is 9.1Mb
sub-directories of 1Mb or more:
data 3.0Mb
libs 5.5Mb
Flavors: r-oldrel-macos-arm64, r-oldrel-macos-x86_64