CRAN Package Check Results for Package hyperoverlap

Last updated on 2025-10-01 10:49:50 CEST.

Flavor Version Tinstall Tcheck Ttotal Status Flags
r-devel-linux-x86_64-debian-clang 1.1.3 6.82 70.16 76.98 OK
r-devel-linux-x86_64-debian-gcc 1.1.3 5.37 54.82 60.19 OK
r-devel-linux-x86_64-fedora-clang 1.1.3 127.15 OK
r-devel-linux-x86_64-fedora-gcc 1.1.3 140.27 OK
r-devel-windows-x86_64 1.1.3 9.00 82.00 91.00 OK
r-patched-linux-x86_64 1.1.1 6.66 67.78 74.44 WARN
r-release-linux-x86_64 1.1.3 6.67 65.55 72.22 OK
r-release-macos-arm64 1.1.3 45.00 OK
r-release-macos-x86_64 1.1.3 81.00 OK
r-release-windows-x86_64 1.1.3 9.00 79.00 88.00 OK
r-oldrel-macos-arm64 1.1.3 45.00 OK
r-oldrel-macos-x86_64 1.1.3 87.00 OK
r-oldrel-windows-x86_64 1.1.3 12.00 95.00 107.00 OK

Check Details

Version: 1.1.1
Check: whether package can be installed
Result: WARN Found the following significant warnings: Warning: replacing previous import ‘e1071::element’ by ‘ggplot2::element’ when loading ‘hyperoverlap’ Flavor: r-patched-linux-x86_64