Last updated on 2025-11-23 12:49:51 CET.
| Flavor | Version | Tinstall | Tcheck | Ttotal | Status | Flags |
|---|---|---|---|---|---|---|
| r-devel-linux-x86_64-debian-clang | 1.0 | 12.37 | 52.90 | 65.27 | NOTE | |
| r-devel-linux-x86_64-debian-gcc | 1.0 | 7.56 | 34.87 | 42.43 | NOTE | |
| r-devel-linux-x86_64-fedora-clang | 1.0 | 35.00 | 74.00 | 109.00 | OK | |
| r-devel-linux-x86_64-fedora-gcc | 1.0 | 28.00 | 68.65 | 96.65 | OK | |
| r-devel-windows-x86_64 | 1.0 | 14.00 | 60.00 | 74.00 | OK | |
| r-patched-linux-x86_64 | 1.0 | 12.60 | 50.24 | 62.84 | OK | |
| r-release-linux-x86_64 | 1.0 | 10.91 | 49.02 | 59.93 | OK | |
| r-release-macos-arm64 | 1.0 | OK | ||||
| r-release-macos-x86_64 | 1.0 | 11.00 | 40.00 | 51.00 | OK | |
| r-release-windows-x86_64 | 1.0 | 13.00 | 69.00 | 82.00 | OK | |
| r-oldrel-macos-arm64 | 1.0 | OK | ||||
| r-oldrel-macos-x86_64 | 1.0 | 8.00 | 33.00 | 41.00 | OK | |
| r-oldrel-windows-x86_64 | 1.0 | 11.00 | 71.00 | 82.00 | OK |
Version: 1.0
Check: CRAN incoming feasibility
Result: NOTE
Maintainer: ‘Hao Chen <hxchen@ucdavis.edu>’
No Authors@R field in DESCRIPTION.
Please add one, modifying
Authors@R: c(person(given = "Hao",
family = "Chen",
role = c("aut", "cre"),
email = "hxchen@ucdavis.edu"),
person(given = c("Nancy", "R."),
family = "Zhang",
role = "aut"),
person(given = "Lynna",
family = "Chu",
role = "aut"),
person(given = "Hoseung",
family = "Song",
role = "aut"))
as necessary.
Flavors: r-devel-linux-x86_64-debian-clang, r-devel-linux-x86_64-debian-gcc