Last updated on 2025-11-23 12:49:49 CET.
| Flavor | Version | Tinstall | Tcheck | Ttotal | Status | Flags |
|---|---|---|---|---|---|---|
| r-devel-linux-x86_64-debian-clang | 0.2.1 | 3.68 | 48.62 | 52.30 | OK | |
| r-devel-linux-x86_64-debian-gcc | 0.2.1 | 2.65 | 37.09 | 39.74 | OK | |
| r-devel-linux-x86_64-fedora-clang | 0.2.1 | 78.50 | OK | |||
| r-devel-linux-x86_64-fedora-gcc | 0.2.1 | 86.60 | OK | |||
| r-devel-windows-x86_64 | 0.2.1 | 8.00 | 69.00 | 77.00 | OK | |
| r-patched-linux-x86_64 | 0.2.1 | 4.04 | 43.31 | 47.35 | OK | |
| r-release-linux-x86_64 | 0.2.1 | 2.78 | 43.95 | 46.73 | OK | |
| r-release-macos-arm64 | 0.2.1 | OK | ||||
| r-release-macos-x86_64 | 0.2.1 | 3.00 | 54.00 | 57.00 | OK | |
| r-release-windows-x86_64 | 0.2.1 | 7.00 | 69.00 | 76.00 | OK | |
| r-oldrel-macos-arm64 | 0.2.1 | NOTE | ||||
| r-oldrel-macos-x86_64 | 0.2.1 | 3.00 | 45.00 | 48.00 | NOTE | |
| r-oldrel-windows-x86_64 | 0.2.1 | 8.00 | 83.00 | 91.00 | NOTE |
Version: 0.2.1
Check: LazyData
Result: NOTE
'LazyData' is specified without a 'data' directory
Flavors: r-oldrel-macos-arm64, r-oldrel-macos-x86_64, r-oldrel-windows-x86_64