Last updated on 2025-11-23 12:49:48 CET.
| Flavor | Version | Tinstall | Tcheck | Ttotal | Status | Flags |
|---|---|---|---|---|---|---|
| r-devel-linux-x86_64-debian-clang | 0.2.9 | 1.92 | 31.09 | 33.01 | OK | |
| r-devel-linux-x86_64-debian-gcc | 0.2.9 | 1.49 | 25.88 | 27.37 | OK | |
| r-devel-linux-x86_64-fedora-clang | 0.2.9 | 46.85 | OK | |||
| r-devel-linux-x86_64-fedora-gcc | 0.2.9 | 45.42 | OK | |||
| r-devel-windows-x86_64 | 0.2.9 | 5.00 | 54.00 | 59.00 | OK | |
| r-patched-linux-x86_64 | 0.2.9 | 2.05 | 28.58 | 30.63 | OK | |
| r-release-linux-x86_64 | 0.2.9 | 1.83 | 28.15 | 29.98 | OK | |
| r-release-macos-arm64 | 0.2.9 | OK | ||||
| r-release-macos-x86_64 | 0.2.9 | 2.00 | 34.00 | 36.00 | OK | |
| r-release-windows-x86_64 | 0.2.9 | 3.00 | 54.00 | 57.00 | OK | |
| r-oldrel-macos-arm64 | 0.2.9 | OK | ||||
| r-oldrel-macos-x86_64 | 0.2.9 | 2.00 | 25.00 | 27.00 | NOTE | |
| r-oldrel-windows-x86_64 | 0.2.9 | 4.00 | 59.00 | 63.00 | OK |
Version: 0.2.9
Check: package dependencies
Result: NOTE
Package suggested but not available for checking: ‘arrow’
Flavor: r-oldrel-macos-x86_64