CRAN Package Check Results for Package docore

Last updated on 2025-11-23 12:49:46 CET.

Flavor Version Tinstall Tcheck Ttotal Status Flags
r-devel-linux-x86_64-debian-clang 1.0 2.00 25.03 27.03 NOTE
r-devel-linux-x86_64-debian-gcc 1.0 1.50 19.78 21.28 NOTE
r-devel-linux-x86_64-fedora-clang 1.0 39.70 OK
r-devel-linux-x86_64-fedora-gcc 1.0 38.04 OK
r-devel-windows-x86_64 1.0 4.00 43.00 47.00 OK
r-patched-linux-x86_64 1.0 1.76 23.63 25.39 OK
r-release-linux-x86_64 1.0 1.83 23.58 25.41 OK
r-release-macos-arm64 1.0 OK
r-release-macos-x86_64 1.0 3.00 25.00 28.00 OK
r-release-windows-x86_64 1.0 4.00 51.00 55.00 OK
r-oldrel-macos-arm64 1.0 OK
r-oldrel-macos-x86_64 1.0 2.00 22.00 24.00 OK
r-oldrel-windows-x86_64 1.0 4.00 49.00 53.00 OK

Check Details

Version: 1.0
Check: CRAN incoming feasibility
Result: NOTE Maintainer: ‘Danail Obreschkow <danail.obreschkow@gmail.com>’ No Authors@R field in DESCRIPTION. Please add one, modifying Authors@R: person(given = "Danail", family = "Obreschkow", role = c("aut", "cre"), email = "danail.obreschkow@gmail.com") as necessary. Flavors: r-devel-linux-x86_64-debian-clang, r-devel-linux-x86_64-debian-gcc