CRAN Package Check Results for Package doMPI

Last updated on 2025-11-23 12:49:46 CET.

Flavor Version Tinstall Tcheck Ttotal Status Flags
r-devel-linux-x86_64-debian-clang 0.2.2 3.22 33.66 36.88 OK
r-devel-linux-x86_64-debian-gcc 0.2.2 2.57 29.35 31.92 OK
r-devel-linux-x86_64-fedora-clang 0.2.2 12.00 47.77 59.77 OK
r-devel-linux-x86_64-fedora-gcc 0.2.2 13.00 57.16 70.16 OK
r-devel-windows-x86_64 0.2.2 8.00 54.00 62.00 OK
r-patched-linux-x86_64 0.2.2 3.27 31.73 35.00 OK
r-release-linux-x86_64 0.2.2 2.96 31.97 34.93 OK
r-release-macos-arm64 0.2.2 4.00 ERROR
r-release-macos-x86_64 0.2.2 16.00 ERROR
r-release-windows-x86_64 0.2.2 4.00 64.00 68.00 OK
r-oldrel-macos-arm64 0.2.2 14.00 ERROR
r-oldrel-macos-x86_64 0.2.2 18.00 ERROR
r-oldrel-windows-x86_64 0.2.2 5.00 61.00 66.00 OK

Check Details

Version: 0.2.2
Check: package dependencies
Result: ERROR Package required but not available: ‘Rmpi’ See section ‘The DESCRIPTION file’ in the ‘Writing R Extensions’ manual. Flavors: r-release-macos-arm64, r-release-macos-x86_64, r-oldrel-macos-arm64, r-oldrel-macos-x86_64