Last updated on 2025-11-02 10:50:40 CET.
| Flavor | Version | Tinstall | Tcheck | Ttotal | Status | Flags |
|---|---|---|---|---|---|---|
| r-devel-linux-x86_64-debian-clang | 0.5.0 | 6.94 | 78.99 | 85.93 | NOTE | |
| r-devel-linux-x86_64-debian-gcc | 0.5.0 | 5.78 | 52.61 | 58.39 | NOTE | |
| r-devel-linux-x86_64-fedora-clang | 0.5.0 | 18.00 | 111.78 | 129.78 | NOTE | |
| r-devel-linux-x86_64-fedora-gcc | 0.5.0 | 16.00 | 105.53 | 121.53 | NOTE | |
| r-devel-windows-x86_64 | 0.5.0 | 9.00 | 94.00 | 103.00 | NOTE | |
| r-patched-linux-x86_64 | 0.5.0 | 8.81 | 71.37 | 80.18 | NOTE | |
| r-release-linux-x86_64 | 0.5.0 | 7.48 | 71.09 | 78.57 | NOTE | |
| r-release-macos-arm64 | 0.5.0 | 4.00 | 34.00 | 38.00 | NOTE | |
| r-release-macos-x86_64 | 0.5.0 | 8.00 | 67.00 | 75.00 | NOTE | |
| r-release-windows-x86_64 | 0.5.0 | 9.00 | 94.00 | 103.00 | NOTE | |
| r-oldrel-macos-arm64 | 0.5.0 | 4.00 | 33.00 | 37.00 | OK | |
| r-oldrel-macos-x86_64 | 0.5.0 | 7.00 | 64.00 | 71.00 | OK | |
| r-oldrel-windows-x86_64 | 0.5.0 | 12.00 | 114.00 | 126.00 | OK |
Version: 0.5.0
Check: DESCRIPTION meta-information
Result: NOTE
Missing dependency on R >= 4.1.0 because package code uses the pipe
|> or function shorthand \(...) syntax added in R 4.1.0.
File(s) using such syntax:
‘mixture.R’
Flavors: r-devel-linux-x86_64-debian-clang, r-devel-linux-x86_64-debian-gcc, r-devel-linux-x86_64-fedora-clang, r-devel-linux-x86_64-fedora-gcc, r-devel-windows-x86_64, r-patched-linux-x86_64, r-release-linux-x86_64, r-release-macos-arm64, r-release-macos-x86_64, r-release-windows-x86_64