Last updated on 2025-10-21 09:48:29 CEST.
Flavor | Version | Tinstall | Tcheck | Ttotal | Status | Flags |
---|---|---|---|---|---|---|
r-devel-linux-x86_64-debian-clang | 2.4.6 | 6.65 | 91.64 | 98.29 | OK | |
r-devel-linux-x86_64-debian-gcc | 2.4.6 | 4.74 | 65.70 | 70.44 | NOTE | |
r-devel-linux-x86_64-fedora-clang | 2.4.6 | 164.19 | OK | |||
r-devel-linux-x86_64-fedora-gcc | 2.4.6 | 176.67 | OK | |||
r-devel-windows-x86_64 | 2.4.6 | 10.00 | 116.00 | 126.00 | OK | |
r-patched-linux-x86_64 | 2.4.6 | 8.22 | 85.42 | 93.64 | OK | |
r-release-linux-x86_64 | 2.4.6 | 7.13 | 84.65 | 91.78 | OK | |
r-release-macos-arm64 | 2.4.6 | 76.00 | OK | |||
r-release-macos-x86_64 | 2.4.6 | 124.00 | OK | |||
r-release-windows-x86_64 | 2.4.6 | 9.00 | 125.00 | 134.00 | OK | |
r-oldrel-macos-arm64 | 2.4.6 | 80.00 | OK | |||
r-oldrel-macos-x86_64 | 2.4.6 | 130.00 | OK | |||
r-oldrel-windows-x86_64 | 2.4.6 | 13.00 | 143.00 | 156.00 | OK |
Version: 2.4.6
Check: HTML version of manual
Result: NOTE
Found the following HTML validation problems:
as.package.html:59:1 (as.package.Rd:12): Warning: missing </ul> before </div>
bash.html:47:1 (bash.Rd:11): Warning: missing </ul> before </div>
build_rmd.html:71:1 (build_rmd.Rd:25): Warning: missing </ul> before </div>
build_site.html:55:1 (build_site.Rd:14): Warning: missing </ul> before </div>
clean_vignettes.html:48:1 (clean_vignettes.Rd:11): Warning: missing </ul> before </div>
git_checks.html:48:1 (git_checks.Rd:11): Warning: missing </ul> before </div>
missing_s3.html:47:1 (missing_s3.Rd:11): Warning: missing </ul> before </div>
release_checks.html:48:1 (release_checks.Rd:11): Warning: missing </ul> before </div>
run_examples.html:96:1 (run_examples.Rd:43): Warning: missing </ul> before </div>
show_news.html:56:1 (show_news.Rd:16): Warning: missing </ul> before </div>
spell_check.html:57:1 (spell_check.Rd:15): Warning: missing </ul> before </div>
submit_cran.html:72:1 (submit_cran.Rd:14): Warning: missing </ul> before </div>
test.html:105:1 (test.Rd:44): Warning: missing </ul> before </div>
wd.html:52:1 (wd.Rd:14): Warning: missing </ul> before </div>
Flavor: r-devel-linux-x86_64-debian-gcc