Last updated on 2025-10-22 09:50:30 CEST.
Flavor | Version | Tinstall | Tcheck | Ttotal | Status | Flags |
---|---|---|---|---|---|---|
r-devel-linux-x86_64-debian-clang | 1.3.7 | 4.19 | 44.32 | 48.51 | NOTE | |
r-devel-linux-x86_64-debian-gcc | 1.3.7 | 3.36 | 34.52 | 37.88 | NOTE | |
r-devel-linux-x86_64-fedora-clang | 1.3.7 | 12.00 | 61.70 | 73.70 | OK | |
r-devel-linux-x86_64-fedora-gcc | 1.3.7 | 83.05 | OK | |||
r-devel-windows-x86_64 | 1.3.7 | 6.00 | 67.00 | 73.00 | OK | |
r-patched-linux-x86_64 | 1.3.7 | 5.07 | 41.88 | 46.95 | OK | |
r-release-linux-x86_64 | 1.3.7 | 4.35 | 41.46 | 45.81 | OK | |
r-release-macos-arm64 | 1.3.7 | 2.00 | 36.00 | 38.00 | OK | |
r-release-macos-x86_64 | 1.3.7 | 7.00 | 62.00 | 69.00 | OK | |
r-release-windows-x86_64 | 1.3.7 | 6.00 | 72.00 | 78.00 | OK | |
r-oldrel-macos-arm64 | 1.3.7 | 2.00 | 26.00 | 28.00 | OK | |
r-oldrel-macos-x86_64 | 1.3.7 | 3.00 | 39.00 | 42.00 | OK | |
r-oldrel-windows-x86_64 | 1.3.7 | 8.00 | 74.00 | 82.00 | OK |
Version: 1.3.7
Check: CRAN incoming feasibility
Result: NOTE
Maintainer: ‘Mark van der Loo <mark.vanderloo@gmail.com>’
No Authors@R field in DESCRIPTION.
Please add one, modifying
Authors@R: c(person(given = "Mark",
family = "van der Loo",
role = c("aut", "cre"),
email = "mark.vanderloo@gmail.com"),
person(given = "Edwin",
family = "de Jonge",
role = "aut"),
person(given = "Sander",
family = "Scholtus",
role = "aut"))
as necessary.
Flavors: r-devel-linux-x86_64-debian-clang, r-devel-linux-x86_64-debian-gcc