Last updated on 2025-11-21 09:49:00 CET.
| Flavor | Version | Tinstall | Tcheck | Ttotal | Status | Flags |
|---|---|---|---|---|---|---|
| r-devel-linux-x86_64-debian-clang | 0.1.1 | 89.38 | 25.29 | 114.67 | NOTE | |
| r-devel-linux-x86_64-debian-gcc | 0.1.1 | 50.10 | 20.61 | 70.71 | NOTE | |
| r-devel-linux-x86_64-fedora-clang | 0.1.1 | 89.00 | 141.14 | 230.14 | OK | |
| r-devel-linux-x86_64-fedora-gcc | 0.1.1 | 124.00 | 62.06 | 186.06 | OK | |
| r-devel-windows-x86_64 | 0.1.1 | 114.00 | 58.00 | 172.00 | OK | |
| r-patched-linux-x86_64 | 0.1.1 | 83.96 | 23.96 | 107.92 | OK | |
| r-release-linux-x86_64 | 0.1.1 | 87.35 | 23.88 | 111.23 | OK | |
| r-release-macos-arm64 | 0.1.1 | OK | ||||
| r-release-macos-x86_64 | 0.1.1 | 30.00 | 35.00 | 65.00 | OK | |
| r-release-windows-x86_64 | 0.1.1 | 101.00 | 149.00 | 250.00 | OK | |
| r-oldrel-macos-arm64 | 0.1.1 | NOTE | ||||
| r-oldrel-macos-x86_64 | 0.1.1 | 26.00 | 22.00 | 48.00 | NOTE | |
| r-oldrel-windows-x86_64 | 0.1.1 | 122.00 | 70.00 | 192.00 | NOTE |
Version: 0.1.1
Check: CRAN incoming feasibility
Result: NOTE
Maintainer: ‘Hang Weiqiang <e0010758@u.nus.edu>’
No Authors@R field in DESCRIPTION.
Please add one, modifying
Authors@R: person(given = "Hang",
family = "Weiqiang",
role = c("aut", "cre"),
email = "e0010758@u.nus.edu")
as necessary.
Flavors: r-devel-linux-x86_64-debian-clang, r-devel-linux-x86_64-debian-gcc
Version: 0.1.1
Check: LazyData
Result: NOTE
'LazyData' is specified without a 'data' directory
Flavors: r-oldrel-macos-arm64, r-oldrel-macos-x86_64, r-oldrel-windows-x86_64