Last updated on 2025-10-22 09:50:30 CEST.
Flavor | Version | Tinstall | Tcheck | Ttotal | Status | Flags |
---|---|---|---|---|---|---|
r-devel-linux-x86_64-debian-clang | 0.9.0 | 4.64 | 40.22 | 44.86 | NOTE | |
r-devel-linux-x86_64-debian-gcc | 0.9.0 | 3.13 | 30.43 | 33.56 | NOTE | |
r-devel-linux-x86_64-fedora-clang | 0.9.0 | 11.00 | 57.92 | 68.92 | OK | |
r-devel-linux-x86_64-fedora-gcc | 0.9.0 | 79.74 | OK | |||
r-devel-windows-x86_64 | 0.9.0 | 5.00 | 55.00 | 60.00 | OK | |
r-patched-linux-x86_64 | 0.9.0 | 4.46 | 38.42 | 42.88 | OK | |
r-release-linux-x86_64 | 0.9.0 | 3.77 | 38.58 | 42.35 | OK | |
r-release-macos-arm64 | 0.9.0 | 2.00 | 35.00 | 37.00 | OK | |
r-release-macos-x86_64 | 0.9.0 | 4.00 | 48.00 | 52.00 | OK | |
r-release-windows-x86_64 | 0.9.0 | 5.00 | 56.00 | 61.00 | OK | |
r-oldrel-macos-arm64 | 0.9.0 | 2.00 | 25.00 | 27.00 | OK | |
r-oldrel-macos-x86_64 | 0.9.0 | 3.00 | 39.00 | 42.00 | OK | |
r-oldrel-windows-x86_64 | 0.9.0 | 7.00 | 69.00 | 76.00 | OK |
Version: 0.9.0
Check: HTML version of manual
Result: NOTE
Found the following HTML validation problems:
modify_so.html:50:1 (modify_so.Rd:12): Warning: missing </ul> before </div>
Flavors: r-devel-linux-x86_64-debian-clang, r-devel-linux-x86_64-debian-gcc