CRAN Package Check Results for Package cubble

Last updated on 2025-11-23 12:49:46 CET.

Flavor Version Tinstall Tcheck Ttotal Status Flags
r-devel-linux-x86_64-debian-clang 1.0.0 11.07 268.96 280.03 NOTE
r-devel-linux-x86_64-debian-gcc 1.0.0 7.46 178.29 185.75 NOTE
r-devel-linux-x86_64-fedora-clang 1.0.0 27.00 420.81 447.81 NOTE
r-devel-windows-x86_64 1.0.0 18.00 166.00 184.00 NOTE
r-patched-linux-x86_64 1.0.0 11.59 255.06 266.65 NOTE
r-release-linux-x86_64 1.0.0 10.86 253.40 264.26 NOTE
r-release-macos-arm64 1.0.0 NOTE
r-release-macos-x86_64 1.0.0 12.00 162.00 174.00 NOTE
r-release-windows-x86_64 1.0.0 13.00 264.00 277.00 NOTE
r-oldrel-macos-arm64 1.0.0 OK
r-oldrel-macos-x86_64 1.0.0 14.00 180.00 194.00 NOTE
r-oldrel-windows-x86_64 1.0.0 18.00 345.00 363.00 OK

Check Details

Version: 1.0.0
Check: DESCRIPTION meta-information
Result: NOTE Missing dependency on R >= 4.1.0 because package code uses the pipe |> or function shorthand \(...) syntax added in R 4.1.0. File(s) using such syntax: ‘accessors.Rd’ ‘as-cubble.R’ ‘as_cubble.Rd’ ‘check-key.R’ ‘climate-data.Rd’ ‘covid.Rd’ ‘cubble-attrs.R’ ‘cubble-class.R’ ‘cubble-print.R’ ‘dplyr.R’ ‘dplyr.Rd’ ‘face-spatial-temporal.R’ ‘face.Rd’ ‘glyph.R’ ‘glyph.Rd’ ‘make_spatial_sf.Rd’ ‘make_temporal_tsibble.Rd’ ‘matching.R’ ‘matching.Rd’ ‘netcdf.R’ ‘sf.R’ ‘test-data.Rd’ ‘tsibble.R’ ‘tsibble.Rd’ ‘unfold.R’ ‘unfold.Rd’ Flavors: r-devel-linux-x86_64-debian-clang, r-devel-linux-x86_64-debian-gcc, r-devel-linux-x86_64-fedora-clang, r-devel-windows-x86_64, r-patched-linux-x86_64, r-release-linux-x86_64, r-release-macos-arm64, r-release-windows-x86_64

Version: 1.0.0
Check: DESCRIPTION meta-information
Result: NOTE Missing dependency on R >= 4.1.0 because package code uses the pipe |> or function shorthand \(...) syntax added in R 4.1.0. File(s) using such syntax: ‘as-cubble.R’ ‘check-key.R’ ‘cubble-attrs.R’ ‘cubble-class.R’ ‘cubble-print.R’ ‘dplyr.R’ ‘face-spatial-temporal.R’ ‘glyph.R’ ‘matching.R’ ‘netcdf.R’ ‘sf.R’ ‘tsibble.R’ ‘unfold.R’ Flavor: r-release-macos-x86_64

Version: 1.0.0
Check: installed package size
Result: NOTE installed size is 5.6Mb sub-directories of 1Mb or more: data 3.1Mb doc 1.3Mb Flavor: r-oldrel-macos-x86_64