CRAN Package Check Results for Package connections

Last updated on 2025-10-22 09:50:29 CEST.

Flavor Version Tinstall Tcheck Ttotal Status Flags
r-devel-linux-x86_64-debian-clang 0.2.1 5.37 46.56 51.93 NOTE
r-devel-linux-x86_64-debian-gcc 0.2.1 4.02 34.01 38.03 NOTE
r-devel-linux-x86_64-fedora-clang 0.2.1 60.24 OK
r-devel-linux-x86_64-fedora-gcc 0.2.1 10.00 61.02 71.02 OK
r-devel-windows-x86_64 0.2.1 6.00 59.00 65.00 OK
r-patched-linux-x86_64 0.2.1 5.18 42.30 47.48 OK
r-release-linux-x86_64 0.2.1 4.73 42.42 47.15 OK
r-release-macos-arm64 0.2.1 2.00 23.00 25.00 OK
r-release-macos-x86_64 0.2.1 4.00 37.00 41.00 OK
r-release-windows-x86_64 0.2.1 6.00 62.00 68.00 OK
r-oldrel-macos-arm64 0.2.1 3.00 28.00 31.00 OK
r-oldrel-macos-x86_64 0.2.1 5.00 52.00 57.00 OK
r-oldrel-windows-x86_64 0.2.1 8.00 71.00 79.00 OK

Check Details

Version: 0.2.1
Check: HTML version of manual
Result: NOTE Found the following HTML validation problems: DBI.html:81:1 (DBI.Rd:32): Warning: missing </ul> before </div> read_pin_conn.html:46:1 (read_pin_conn.Rd:10): Warning: missing </ul> before </div> write_pin_conn.html:54:1 (write_pin_conn.Rd:14): Warning: missing </ul> before </div> Flavors: r-devel-linux-x86_64-debian-clang, r-devel-linux-x86_64-debian-gcc