Last updated on 2025-10-25 09:49:26 CEST.
| Flavor | Version | Tinstall | Tcheck | Ttotal | Status | Flags |
|---|---|---|---|---|---|---|
| r-devel-linux-x86_64-debian-clang | 0.1.5 | 4.99 | 34.31 | 39.30 | NOTE | |
| r-devel-linux-x86_64-debian-gcc | 0.1.5 | 3.32 | 26.41 | 29.73 | NOTE | |
| r-devel-linux-x86_64-fedora-clang | 0.1.5 | 31.00 | 29.29 | 60.29 | NOTE | |
| r-devel-linux-x86_64-fedora-gcc | 0.1.5 | 25.00 | 33.81 | 58.81 | NOTE | |
| r-devel-windows-x86_64 | 0.1.5 | 9.00 | 49.00 | 58.00 | OK | |
| r-patched-linux-x86_64 | 0.1.5 | 3.99 | 32.09 | 36.08 | NOTE | |
| r-release-linux-x86_64 | 0.1.5 | 3.96 | 31.96 | 35.92 | NOTE | |
| r-release-macos-arm64 | 0.1.5 | 4.00 | 22.00 | 26.00 | OK | |
| r-release-macos-x86_64 | 0.1.5 | 7.00 | 36.00 | 43.00 | OK | |
| r-release-windows-x86_64 | 0.1.5 | 10.00 | 53.00 | 63.00 | OK | |
| r-oldrel-macos-arm64 | 0.1.5 | 4.00 | 18.00 | 22.00 | OK | |
| r-oldrel-macos-x86_64 | 0.1.5 | 5.00 | 29.00 | 34.00 | OK | |
| r-oldrel-windows-x86_64 | 0.1.5 | 11.00 | 61.00 | 72.00 | OK |
Version: 0.1.5
Check: Rd files
Result: NOTE
checkRd: (-1) comet.Rd:20: height/width attributes should be in pixels
Flavors: r-devel-linux-x86_64-debian-clang, r-devel-linux-x86_64-debian-gcc, r-devel-linux-x86_64-fedora-clang, r-devel-linux-x86_64-fedora-gcc
Version: 0.1.5
Check: for non-standard things in the check directory
Result: NOTE
Found the following files/directories:
‘cometExactTest_plot.pdf’
Flavors: r-devel-linux-x86_64-debian-clang, r-devel-linux-x86_64-debian-gcc, r-devel-linux-x86_64-fedora-clang, r-devel-linux-x86_64-fedora-gcc, r-patched-linux-x86_64, r-release-linux-x86_64