Last updated on 2025-11-23 12:49:44 CET.
| Flavor | Version | Tinstall | Tcheck | Ttotal | Status | Flags |
|---|---|---|---|---|---|---|
| r-devel-linux-x86_64-debian-clang | 0.9.0 | 8.72 | 137.53 | 146.25 | OK | |
| r-devel-linux-x86_64-debian-gcc | 0.9.0 | 4.51 | 93.38 | 97.89 | OK | |
| r-devel-linux-x86_64-fedora-clang | 0.9.0 | 22.00 | 204.05 | 226.05 | OK | |
| r-devel-windows-x86_64 | 0.9.0 | 22.00 | 128.00 | 150.00 | OK | |
| r-patched-linux-x86_64 | 0.9.0 | 9.47 | 128.03 | 137.50 | OK | |
| r-release-linux-x86_64 | 0.9.0 | 7.04 | 130.42 | 137.46 | OK | |
| r-release-macos-arm64 | 0.9.0 | OK | ||||
| r-release-macos-x86_64 | 0.9.0 | 10.00 | 128.00 | 138.00 | OK | |
| r-release-windows-x86_64 | 0.9.0 | 18.00 | 131.00 | 149.00 | OK | |
| r-oldrel-macos-arm64 | 0.9.0 | NOTE | ||||
| r-oldrel-macos-x86_64 | 0.9.0 | 7.00 | 98.00 | 105.00 | NOTE | |
| r-oldrel-windows-x86_64 | 0.9.0 | 24.00 | 160.00 | 184.00 | NOTE |
Version: 0.9.0
Check: installed package size
Result: NOTE
installed size is 12.5Mb
sub-directories of 1Mb or more:
components 1.0Mb
fonts 2.4Mb
lib 5.3Mb
Flavors: r-oldrel-macos-arm64, r-oldrel-macos-x86_64, r-oldrel-windows-x86_64