Last updated on 2024-06-10 09:49:01 CEST.
Flavor | Version | Tinstall | Tcheck | Ttotal | Status | Flags |
---|---|---|---|---|---|---|
r-devel-linux-x86_64-debian-clang | 3.1-4 | 18.28 | 191.23 | 209.51 | OK | |
r-devel-linux-x86_64-debian-gcc | 3.1-4 | 13.23 | 140.10 | 153.33 | OK | |
r-devel-linux-x86_64-fedora-clang | 3.1-4 | 256.36 | OK | |||
r-devel-linux-x86_64-fedora-gcc | 3.1-4 | 257.72 | OK | |||
r-devel-windows-x86_64 | 3.1-4 | 12.00 | 195.00 | 207.00 | OK | |
r-patched-linux-x86_64 | 3.1-4 | 13.03 | 185.14 | 198.17 | OK | |
r-release-linux-x86_64 | 3.1-4 | 12.77 | 188.74 | 201.51 | OK | |
r-release-macos-arm64 | 3.1-4 | 76.00 | OK | |||
r-release-macos-x86_64 | 3.1-4 | 137.00 | OK | |||
r-release-windows-x86_64 | 3.1-4 | 12.00 | 194.00 | 206.00 | OK | |
r-oldrel-macos-arm64 | 3.1-4 | 86.00 | OK | |||
r-oldrel-macos-x86_64 | 3.1-4 | 136.00 | NOTE | |||
r-oldrel-windows-x86_64 | 3.1-4 | 16.00 | 211.00 | 227.00 | OK |
Version: 3.1-4
Check: package dependencies
Result: NOTE
Package suggested but not available for checking: ‘car’
Flavor: r-oldrel-macos-x86_64
Version: 3.1-4
Check: re-building of vignette outputs
Result: NOTE
Note: skipping ‘betareg.Rnw’ due to unavailable dependencies: 'car'
Flavor: r-oldrel-macos-x86_64