Last updated on 2025-11-26 09:51:09 CET.
| Flavor | Version | Tinstall | Tcheck | Ttotal | Status | Flags |
|---|---|---|---|---|---|---|
| r-devel-linux-x86_64-debian-clang | 0.1.0 | 2.42 | 33.55 | 35.97 | NOTE | |
| r-devel-linux-x86_64-debian-gcc | 0.1.0 | 1.53 | 24.53 | 26.06 | NOTE | |
| r-devel-linux-x86_64-fedora-clang | 0.1.0 | 55.61 | NOTE | |||
| r-devel-linux-x86_64-fedora-gcc | 0.1.0 | 52.07 | NOTE | |||
| r-devel-windows-x86_64 | 0.1.0 | 4.00 | 59.00 | 63.00 | NOTE | |
| r-patched-linux-x86_64 | 0.1.0 | 2.62 | 30.45 | 33.07 | NOTE | |
| r-release-linux-x86_64 | 0.1.0 | 2.20 | 30.20 | 32.40 | NOTE | |
| r-release-macos-arm64 | 0.1.0 | NOTE | ||||
| r-release-macos-x86_64 | 0.1.0 | 2.00 | 36.00 | 38.00 | NOTE | |
| r-release-windows-x86_64 | 0.1.0 | 4.00 | 71.00 | 75.00 | NOTE | |
| r-oldrel-macos-arm64 | 0.1.0 | NOTE | ||||
| r-oldrel-macos-x86_64 | 0.1.0 | 2.00 | 36.00 | 38.00 | NOTE | |
| r-oldrel-windows-x86_64 | 0.1.0 | 4.00 | 70.00 | 74.00 | NOTE |
Version: 0.1.0
Check: package subdirectories
Result: NOTE
Problems with news in ‘NEWS.md’:
No news entries found.
Flavors: r-devel-linux-x86_64-debian-clang, r-devel-linux-x86_64-debian-gcc, r-devel-linux-x86_64-fedora-clang, r-devel-linux-x86_64-fedora-gcc, r-devel-windows-x86_64, r-patched-linux-x86_64, r-release-linux-x86_64, r-release-macos-arm64, r-release-macos-x86_64, r-release-windows-x86_64, r-oldrel-macos-arm64, r-oldrel-macos-x86_64, r-oldrel-windows-x86_64
Version: 0.1.0
Check: LazyData
Result: NOTE
'LazyData' is specified without a 'data' directory
Flavors: r-oldrel-macos-arm64, r-oldrel-macos-x86_64, r-oldrel-windows-x86_64