CRAN Package Check Results for Package aws.iam

Last updated on 2025-11-20 11:51:04 CET.

Flavor Version Tinstall Tcheck Ttotal Status Flags
r-devel-linux-x86_64-debian-clang 0.1.8 4.08 33.32 37.40 NOTE
r-devel-linux-x86_64-debian-gcc 0.1.8 2.98 26.25 29.23 NOTE
r-devel-linux-x86_64-fedora-clang 0.1.8 15.00 39.46 54.46 OK
r-devel-linux-x86_64-fedora-gcc 0.1.8 49.92 OK
r-devel-windows-x86_64 0.1.8 11.00 70.00 81.00 OK
r-patched-linux-x86_64 0.1.8 4.32 30.06 34.38 OK
r-release-linux-x86_64 0.1.8 3.51 29.97 33.48 OK
r-release-macos-arm64 0.1.8 OK
r-release-macos-x86_64 0.1.8 4.00 40.00 44.00 OK
r-release-windows-x86_64 0.1.8 8.00 67.00 75.00 OK
r-oldrel-macos-arm64 0.1.8 OK
r-oldrel-macos-x86_64 0.1.8 4.00 28.00 32.00 OK
r-oldrel-windows-x86_64 0.1.8 9.00 73.00 82.00 OK

Check Details

Version: 0.1.8
Check: CRAN incoming feasibility
Result: NOTE Maintainer: ‘Simon Urbanek <simon.urbanek@R-project.org>’ Package CITATION file contains call(s) to old-style personList() or as.personList(). Please use c() on person objects instead. Package CITATION file contains call(s) to old-style citEntry(). Please use bibentry() instead. Flavors: r-devel-linux-x86_64-debian-clang, r-devel-linux-x86_64-debian-gcc