Last updated on 2024-06-16 09:55:58 CEST.
Flavor | Version | Tinstall | Tcheck | Ttotal | Status | Flags |
---|---|---|---|---|---|---|
r-devel-linux-x86_64-debian-clang | 1.3.0 | 20.62 | 195.17 | 215.79 | OK | |
r-devel-linux-x86_64-debian-gcc | 1.3.0 | 16.90 | 137.11 | 154.01 | OK | |
r-devel-linux-x86_64-fedora-clang | 1.3.0 | 266.69 | NOTE | |||
r-devel-linux-x86_64-fedora-gcc | 1.3.0 | 257.79 | NOTE | |||
r-devel-windows-x86_64 | 1.3.0 | 20.00 | 169.00 | 189.00 | OK | |
r-patched-linux-x86_64 | 1.3.0 | 18.78 | 182.76 | 201.54 | OK | |
r-release-linux-x86_64 | 1.3.0 | 14.45 | 183.27 | 197.72 | OK | |
r-release-macos-arm64 | 1.3.0 | 75.00 | OK | |||
r-release-macos-x86_64 | 1.3.0 | 144.00 | OK | |||
r-release-windows-x86_64 | 1.3.0 | 22.00 | 170.00 | 192.00 | OK | |
r-oldrel-macos-arm64 | 1.3.0 | 90.00 | OK | |||
r-oldrel-macos-x86_64 | 1.3.0 | 157.00 | OK | |||
r-oldrel-windows-x86_64 | 1.3.0 | 28.00 | 212.00 | 240.00 | OK |
Version: 1.3.0
Check: dependencies in R code
Result: NOTE
Namespace in Imports field not imported from: ‘svglite’
All declared Imports should be used.
Flavors: r-devel-linux-x86_64-fedora-clang, r-devel-linux-x86_64-fedora-gcc