CRAN Package Check Results for Package XRJulia

Last updated on 2025-11-15 11:51:02 CET.

Flavor Version Tinstall Tcheck Ttotal Status Flags
r-devel-linux-x86_64-debian-clang 0.9.0.1 5.45 31.27 36.72 NOTE
r-devel-linux-x86_64-debian-gcc 0.9.0.1 3.69 24.88 28.57 NOTE
r-devel-linux-x86_64-fedora-clang 0.9.0.1 11.00 46.33 57.33 OK
r-devel-linux-x86_64-fedora-gcc 0.9.0.1 11.00 57.65 68.65 OK
r-devel-windows-x86_64 0.9.0.1 7.00 49.00 56.00 NOTE
r-patched-linux-x86_64 0.9.0.1 5.44 29.93 35.37 NOTE
r-release-linux-x86_64 0.9.0.1 4.73 30.14 34.87 NOTE
r-release-macos-arm64 0.9.0.1 4.00 48.00 52.00 OK
r-release-macos-x86_64 0.9.0.1 4.00 87.00 91.00 OK
r-release-windows-x86_64 0.9.0.1 5.00 50.00 55.00 NOTE
r-oldrel-macos-arm64 0.9.0.1 2.00 37.00 39.00 OK
r-oldrel-macos-x86_64 0.9.0.1 4.00 36.00 40.00 OK
r-oldrel-windows-x86_64 0.9.0.1 8.00 59.00 67.00 OK

Check Details

Version: 0.9.0.1
Check: CRAN incoming feasibility
Result: NOTE Maintainer: ‘John Chambers <jmc@r-project.org>’ No Authors@R field in DESCRIPTION. Please add one, modifying Authors@R: c(person(given = c("John", "M."), family = "Chambers", role = "aut"), person(given = "John", family = "Chambers", role = "cre", email = "jmc@r-project.org")) as necessary. Flavors: r-devel-linux-x86_64-debian-clang, r-devel-linux-x86_64-debian-gcc

Version: 0.9.0.1
Check: Rd cross-references
Result: NOTE Found the following Rd file(s) with Rd \link{} targets missing package anchors: RJulia.Rd: getInterface Please provide package anchors for all Rd \link{} targets not in the package itself and the base packages. Flavors: r-devel-linux-x86_64-debian-clang, r-devel-linux-x86_64-debian-gcc, r-devel-windows-x86_64, r-patched-linux-x86_64, r-release-linux-x86_64, r-release-windows-x86_64