Last updated on 2025-11-11 10:50:18 CET.
| Flavor | Version | Tinstall | Tcheck | Ttotal | Status | Flags |
|---|---|---|---|---|---|---|
| r-devel-linux-x86_64-debian-clang | 1.1-13 | 98.59 | 582.06 | 680.65 | OK | |
| r-devel-linux-x86_64-debian-gcc | 1.1-13 | 68.07 | 342.30 | 410.37 | OK | |
| r-devel-linux-x86_64-fedora-clang | 1.1-13 | 225.00 | 818.87 | 1043.87 | OK | |
| r-devel-linux-x86_64-fedora-gcc | 1.1-13 | 231.00 | 780.26 | 1011.26 | OK | |
| r-devel-windows-x86_64 | 1.1-13 | 106.00 | 604.00 | 710.00 | OK | |
| r-patched-linux-x86_64 | 1.1-13 | 118.85 | 545.93 | 664.78 | OK | |
| r-release-linux-x86_64 | 1.1-13 | 82.96 | 544.67 | 627.63 | OK | |
| r-release-macos-arm64 | 1.1-13 | 40.00 | 151.00 | 191.00 | OK | |
| r-release-macos-x86_64 | 1.1-13 | 95.00 | 361.00 | 456.00 | OK | |
| r-release-windows-x86_64 | 1.1-13 | 107.00 | 608.00 | 715.00 | OK | |
| r-oldrel-macos-arm64 | 1.1-13 | 41.00 | 153.00 | 194.00 | NOTE | |
| r-oldrel-macos-x86_64 | 1.1-13 | 96.00 | 390.00 | 486.00 | NOTE | |
| r-oldrel-windows-x86_64 | 1.1-13 | 143.00 | 734.00 | 877.00 | NOTE |
Version: 1.1-13
Check: installed package size
Result: NOTE
installed size is 10.3Mb
sub-directories of 1Mb or more:
R 5.1Mb
help 4.0Mb
Flavors: r-oldrel-macos-arm64, r-oldrel-macos-x86_64, r-oldrel-windows-x86_64