Last updated on 2025-11-12 10:52:59 CET.
| Flavor | Version | Tinstall | Tcheck | Ttotal | Status | Flags |
|---|---|---|---|---|---|---|
| r-devel-linux-x86_64-debian-clang | 1.3.0 | 32.30 | 314.81 | 347.11 | OK | |
| r-devel-linux-x86_64-debian-gcc | 1.3.0 | 22.47 | 210.54 | 233.01 | OK | |
| r-devel-linux-x86_64-fedora-clang | 1.3.0 | 48.00 | 479.37 | 527.37 | OK | |
| r-devel-linux-x86_64-fedora-gcc | 1.3.0 | 83.00 | 447.16 | 530.16 | OK | |
| r-devel-windows-x86_64 | 1.3.0 | 42.00 | 388.00 | 430.00 | OK | |
| r-patched-linux-x86_64 | 1.3.0 | 32.92 | 291.07 | 323.99 | OK | |
| r-release-linux-x86_64 | 1.3.0 | 32.90 | 293.12 | 326.02 | OK | |
| r-release-macos-arm64 | 1.3.0 | 14.00 | 170.00 | 184.00 | OK | |
| r-release-macos-x86_64 | 1.3.0 | 17.00 | 402.00 | 419.00 | OK | |
| r-release-windows-x86_64 | 1.3.0 | 40.00 | 386.00 | 426.00 | OK | |
| r-oldrel-macos-arm64 | 1.3.0 | 12.00 | 166.00 | 178.00 | NOTE | |
| r-oldrel-macos-x86_64 | 1.3.0 | 22.00 | 457.00 | 479.00 | NOTE | |
| r-oldrel-windows-x86_64 | 1.3.0 | 47.00 | 471.00 | 518.00 | OK |
Version: 1.3.0
Check: installed package size
Result: NOTE
installed size is 5.5Mb
sub-directories of 1Mb or more:
doc 1.1Mb
libs 3.7Mb
Flavors: r-oldrel-macos-arm64, r-oldrel-macos-x86_64