CRAN Package Check Results for Package TSVC

Last updated on 2025-10-22 09:50:57 CEST.

Flavor Version Tinstall Tcheck Ttotal Status Flags
r-devel-linux-x86_64-debian-clang 1.7.2 10.05 83.80 93.85 NOTE
r-devel-linux-x86_64-debian-gcc 1.7.2 7.84 59.42 67.26 NOTE
r-devel-linux-x86_64-fedora-clang 1.7.2 26.00 126.59 152.59 OK
r-devel-linux-x86_64-fedora-gcc 1.7.2 22.00 116.66 138.66 OK
r-devel-windows-x86_64 1.7.2 12.00 100.00 112.00 OK
r-patched-linux-x86_64 1.7.2 11.26 79.17 90.43 OK
r-release-linux-x86_64 1.7.2 9.94 80.86 90.80 OK
r-release-macos-arm64 1.7.2 9.00 64.00 73.00 OK
r-release-macos-x86_64 1.7.2 11.00 76.00 87.00 OK
r-release-windows-x86_64 1.7.2 14.00 87.00 101.00 OK
r-oldrel-macos-arm64 1.7.2 5.00 44.00 49.00 OK
r-oldrel-macos-x86_64 1.7.2 10.00 74.00 84.00 OK
r-oldrel-windows-x86_64 1.7.2 15.00 109.00 124.00 OK

Check Details

Version: 1.7.2
Check: HTML version of manual
Result: NOTE Found the following HTML validation problems: confint.html:50:1 (confint.Rd:12): Warning: missing </ul> before </div> Flavors: r-devel-linux-x86_64-debian-clang, r-devel-linux-x86_64-debian-gcc