Last updated on 2025-11-11 10:50:16 CET.
| Flavor | Version | Tinstall | Tcheck | Ttotal | Status | Flags |
|---|---|---|---|---|---|---|
| r-devel-linux-x86_64-debian-clang | 0.1.1 | 13.59 | 108.49 | 122.08 | OK | |
| r-devel-linux-x86_64-debian-gcc | 0.1.1 | 8.67 | 81.39 | 90.06 | OK | |
| r-devel-linux-x86_64-fedora-clang | 0.1.1 | 28.00 | 160.19 | 188.19 | NOTE | |
| r-devel-linux-x86_64-fedora-gcc | 0.1.1 | 26.00 | 153.31 | 179.31 | NOTE | |
| r-devel-windows-x86_64 | 0.1.1 | 15.00 | 108.00 | 123.00 | OK | |
| r-patched-linux-x86_64 | 0.1.1 | 12.29 | 103.53 | 115.82 | OK | |
| r-release-linux-x86_64 | 0.1.1 | 12.80 | 103.52 | 116.32 | OK | |
| r-release-macos-arm64 | 0.1.1 | 5.00 | 45.00 | 50.00 | OK | |
| r-release-macos-x86_64 | 0.1.1 | 8.00 | 78.00 | 86.00 | OK | |
| r-release-windows-x86_64 | 0.1.1 | 14.00 | 107.00 | 121.00 | OK | |
| r-oldrel-macos-arm64 | 0.1.1 | 5.00 | 45.00 | 50.00 | OK | |
| r-oldrel-macos-x86_64 | 0.1.1 | 7.00 | 59.00 | 66.00 | OK | |
| r-oldrel-windows-x86_64 | 0.1.1 | 20.00 | 143.00 | 163.00 | OK |
Version: 0.1.1
Check: dependencies in R code
Result: NOTE
Namespace in Imports field not imported from: ‘readr’
All declared Imports should be used.
Flavors: r-devel-linux-x86_64-fedora-clang, r-devel-linux-x86_64-fedora-gcc