Last updated on 2025-11-11 10:50:16 CET.
| Flavor | Version | Tinstall | Tcheck | Ttotal | Status | Flags |
|---|---|---|---|---|---|---|
| r-devel-linux-x86_64-debian-clang | 1.3.0 | 12.30 | 170.47 | 182.77 | OK | |
| r-devel-linux-x86_64-debian-gcc | 1.3.0 | 7.82 | 119.74 | 127.56 | OK | |
| r-devel-linux-x86_64-fedora-clang | 1.3.0 | 29.00 | 244.66 | 273.66 | OK | |
| r-devel-linux-x86_64-fedora-gcc | 1.3.0 | 23.00 | 248.69 | 271.69 | OK | |
| r-devel-windows-x86_64 | 1.3.0 | 14.00 | 148.00 | 162.00 | OK | |
| r-patched-linux-x86_64 | 1.3.0 | 11.39 | 163.08 | 174.47 | OK | |
| r-release-linux-x86_64 | 1.3.0 | 11.10 | 163.97 | 175.07 | OK | |
| r-release-macos-arm64 | 1.3.0 | 4.00 | 61.00 | 65.00 | OK | |
| r-release-macos-x86_64 | 1.3.0 | 8.00 | 107.00 | 115.00 | OK | |
| r-release-windows-x86_64 | 1.3.0 | 15.00 | 147.00 | 162.00 | OK | |
| r-oldrel-macos-arm64 | 1.3.0 | 4.00 | 56.00 | 60.00 | NOTE | |
| r-oldrel-macos-x86_64 | 1.3.0 | 6.00 | 87.00 | 93.00 | NOTE | |
| r-oldrel-windows-x86_64 | 1.3.0 | 20.00 | 190.00 | 210.00 | NOTE |
Version: 1.3.0
Check: installed package size
Result: NOTE
installed size is 8.7Mb
sub-directories of 1Mb or more:
doc 8.2Mb
Flavors: r-oldrel-macos-arm64, r-oldrel-macos-x86_64, r-oldrel-windows-x86_64