Last updated on 2024-06-10 09:49:15 CEST.
Flavor | Version | Tinstall | Tcheck | Ttotal | Status | Flags |
---|---|---|---|---|---|---|
r-devel-linux-x86_64-debian-clang | 9.7.0 | 28.46 | 285.95 | 314.41 | OK | |
r-devel-linux-x86_64-debian-gcc | 9.7.0 | 24.39 | 212.05 | 236.44 | OK | |
r-devel-linux-x86_64-fedora-clang | 9.7.0 | 390.15 | OK | |||
r-devel-linux-x86_64-fedora-gcc | 9.7.0 | 387.69 | OK | |||
r-devel-windows-x86_64 | 9.7.0 | 31.00 | 276.00 | 307.00 | OK | |
r-patched-linux-x86_64 | 9.7.0 | 28.84 | 266.25 | 295.09 | OK | |
r-release-linux-x86_64 | 9.7.0 | 31.91 | 271.84 | 303.75 | OK | |
r-release-macos-arm64 | 9.7.0 | 153.00 | NOTE | |||
r-release-macos-x86_64 | 9.7.0 | 193.00 | NOTE | |||
r-release-windows-x86_64 | 9.7.0 | 32.00 | 280.00 | 312.00 | OK | |
r-oldrel-macos-arm64 | 9.7.0 | 150.00 | NOTE | |||
r-oldrel-macos-x86_64 | 9.7.0 | 308.00 | NOTE | |||
r-oldrel-windows-x86_64 | 9.7.0 | 34.00 | 337.00 | 371.00 | OK |
Version: 9.7.0
Check: installed package size
Result: NOTE
installed size is 7.6Mb
sub-directories of 1Mb or more:
data 2.8Mb
doc 1.0Mb
libs 2.7Mb
Flavors: r-release-macos-arm64, r-release-macos-x86_64, r-oldrel-macos-arm64, r-oldrel-macos-x86_64